Last updated on 2025-04-30 04:50:02 CEST.
Flavor | Version | Tinstall | Tcheck | Ttotal | Status | Flags |
---|---|---|---|---|---|---|
r-devel-linux-x86_64-debian-clang | 1.0-1 | 9.62 | 115.32 | 124.94 | NOTE | |
r-devel-linux-x86_64-debian-gcc | 1.0-1 | 7.20 | 80.77 | 87.97 | NOTE | |
r-devel-linux-x86_64-fedora-clang | 1.0-1 | 196.21 | NOTE | |||
r-devel-linux-x86_64-fedora-gcc | 1.0-1 | 187.43 | NOTE | |||
r-devel-windows-x86_64 | 1.0-1 | 14.00 | 117.00 | 131.00 | NOTE | |
r-patched-linux-x86_64 | 1.0-1 | 9.40 | 108.71 | 118.11 | NOTE | |
r-release-linux-x86_64 | 1.0-1 | 10.38 | 108.21 | 118.59 | NOTE | |
r-release-macos-arm64 | 1.0-1 | 55.00 | NOTE | |||
r-release-macos-x86_64 | 1.0-1 | 124.00 | OK | |||
r-release-windows-x86_64 | 1.0-1 | 13.00 | 115.00 | 128.00 | NOTE | |
r-oldrel-macos-arm64 | 1.0-1 | 60.00 | OK | |||
r-oldrel-macos-x86_64 | 1.0-1 | 163.00 | OK | |||
r-oldrel-windows-x86_64 | 1.0-1 | 15.00 | 161.00 | 176.00 | OK |
Version: 1.0-1
Check: examples
Result: NOTE
Examples with CPU (user + system) or elapsed time > 5s
user system elapsed
confintROB 4.497 0.394 6.839
Flavor: r-devel-linux-x86_64-debian-clang
Version: 1.0-1
Check: tests
Result: NOTE
Running ‘confintrob_test.R’ [14s/18s]
Comparing ‘confintrob_test.Rout’ to ‘confintrob_test.Rout.save’ ...64c64
< AIC BIC logLik -2*log(L) df.resid
---
> AIC BIC logLik deviance df.resid
203c203
< AIC BIC logLik -2*log(L) df.resid
---
> AIC BIC logLik deviance df.resid
Running ‘parallelTest.R’ [6s/13s]
Running ‘varComprob_createParamSampleFunction.R’ [14s/18s]
Comparing ‘varComprob_createParamSampleFunction.Rout’ to ‘varComprob_createParamSampleFunction.Rout.save’ ... OK
Flavor: r-devel-linux-x86_64-debian-clang
Version: 1.0-1
Check: tests
Result: NOTE
Running ‘confintrob_test.R’ [10s/13s]
Comparing ‘confintrob_test.Rout’ to ‘confintrob_test.Rout.save’ ...64c64
< AIC BIC logLik -2*log(L) df.resid
---
> AIC BIC logLik deviance df.resid
203c203
< AIC BIC logLik -2*log(L) df.resid
---
> AIC BIC logLik deviance df.resid
Running ‘parallelTest.R’ [4s/8s]
Running ‘varComprob_createParamSampleFunction.R’ [8s/10s]
Comparing ‘varComprob_createParamSampleFunction.Rout’ to ‘varComprob_createParamSampleFunction.Rout.save’ ... OK
Flavor: r-devel-linux-x86_64-debian-gcc
Version: 1.0-1
Check: tests
Result: NOTE
Running ‘confintrob_test.R’ [22s/27s]
Comparing ‘confintrob_test.Rout’ to ‘confintrob_test.Rout.save’ ...64c64
< AIC BIC logLik -2*log(L) df.resid
---
> AIC BIC logLik deviance df.resid
203c203
< AIC BIC logLik -2*log(L) df.resid
---
> AIC BIC logLik deviance df.resid
Running ‘parallelTest.R’ [9s/18s]
Running ‘varComprob_createParamSampleFunction.R’ [22s/31s]
Comparing ‘varComprob_createParamSampleFunction.Rout’ to ‘varComprob_createParamSampleFunction.Rout.save’ ... OK
Flavor: r-devel-linux-x86_64-fedora-clang
Version: 1.0-1
Check: tests
Result: NOTE
Running ‘confintrob_test.R’ [22s/29s]
Comparing ‘confintrob_test.Rout’ to ‘confintrob_test.Rout.save’ ...64c64
< AIC BIC logLik -2*log(L) df.resid
---
> AIC BIC logLik deviance df.resid
203c203
< AIC BIC logLik -2*log(L) df.resid
---
> AIC BIC logLik deviance df.resid
Running ‘parallelTest.R’ [8s/17s]
Running ‘varComprob_createParamSampleFunction.R’ [22s/29s]
Comparing ‘varComprob_createParamSampleFunction.Rout’ to ‘varComprob_createParamSampleFunction.Rout.save’ ... OK
Flavor: r-devel-linux-x86_64-fedora-gcc
Version: 1.0-1
Check: tests
Result: NOTE
Running 'confintrob_test.R' [12s]
Comparing 'confintrob_test.Rout' to 'confintrob_test.Rout.save' ...64c64
< AIC BIC logLik -2*log(L) df.resid
---
> AIC BIC logLik deviance df.resid
203c203
< AIC BIC logLik -2*log(L) df.resid
---
> AIC BIC logLik deviance df.resid
Running 'parallelTest.R' [10s]
Running 'varComprob_createParamSampleFunction.R' [10s]
Comparing 'varComprob_createParamSampleFunction.Rout' to 'varComprob_createParamSampleFunction.Rout.save' ... OK
Flavor: r-devel-windows-x86_64
Version: 1.0-1
Check: tests
Result: NOTE
Running ‘confintrob_test.R’ [14s/17s]
Comparing ‘confintrob_test.Rout’ to ‘confintrob_test.Rout.save’ ...64c64
< AIC BIC logLik -2*log(L) df.resid
---
> AIC BIC logLik deviance df.resid
203c203
< AIC BIC logLik -2*log(L) df.resid
---
> AIC BIC logLik deviance df.resid
Running ‘parallelTest.R’ [6s/12s]
Running ‘varComprob_createParamSampleFunction.R’ [13s/15s]
Comparing ‘varComprob_createParamSampleFunction.Rout’ to ‘varComprob_createParamSampleFunction.Rout.save’ ... OK
Flavor: r-patched-linux-x86_64
Version: 1.0-1
Check: tests
Result: NOTE
Running ‘confintrob_test.R’ [14s/17s]
Comparing ‘confintrob_test.Rout’ to ‘confintrob_test.Rout.save’ ...64c64
< AIC BIC logLik -2*log(L) df.resid
---
> AIC BIC logLik deviance df.resid
203c203
< AIC BIC logLik -2*log(L) df.resid
---
> AIC BIC logLik deviance df.resid
Running ‘parallelTest.R’ [6s/12s]
Running ‘varComprob_createParamSampleFunction.R’ [12s/16s]
Comparing ‘varComprob_createParamSampleFunction.Rout’ to ‘varComprob_createParamSampleFunction.Rout.save’ ... OK
Flavor: r-release-linux-x86_64
Version: 1.0-1
Check: tests
Result: NOTE
Running ‘confintrob_test.R’ [6s/6s]
Comparing ‘confintrob_test.Rout’ to ‘confintrob_test.Rout.save’ ...64c64
< AIC BIC logLik -2*log(L) df.resid
---
> AIC BIC logLik deviance df.resid
203c203
< AIC BIC logLik -2*log(L) df.resid
---
> AIC BIC logLik deviance df.resid
Running ‘parallelTest.R’ [2s/5s]
Running ‘varComprob_createParamSampleFunction.R’ [4s/5s]
Comparing ‘varComprob_createParamSampleFunction.Rout’ to ‘varComprob_createParamSampleFunction.Rout.save’ ... OK
Flavor: r-release-macos-arm64
Version: 1.0-1
Check: tests
Result: NOTE
Running 'confintrob_test.R' [11s]
Comparing 'confintrob_test.Rout' to 'confintrob_test.Rout.save' ...64c64
< AIC BIC logLik -2*log(L) df.resid
---
> AIC BIC logLik deviance df.resid
203c203
< AIC BIC logLik -2*log(L) df.resid
---
> AIC BIC logLik deviance df.resid
Running 'parallelTest.R' [9s]
Running 'varComprob_createParamSampleFunction.R' [10s]
Comparing 'varComprob_createParamSampleFunction.Rout' to 'varComprob_createParamSampleFunction.Rout.save' ... OK
Flavor: r-release-windows-x86_64