Last updated on 2025-04-30 04:50:02 CEST.
Flavor | Version | Tinstall | Tcheck | Ttotal | Status | Flags |
---|---|---|---|---|---|---|
r-devel-linux-x86_64-debian-clang | 0.1.1 | 2.99 | 31.59 | 34.58 | OK | |
r-devel-linux-x86_64-debian-gcc | 0.1.1 | 3.06 | 24.25 | 27.31 | OK | |
r-devel-linux-x86_64-fedora-clang | 0.1.1 | 53.93 | NOTE | |||
r-devel-linux-x86_64-fedora-gcc | 0.1.1 | 81.25 | NOTE | |||
r-devel-windows-x86_64 | 0.1.1 | 6.00 | 61.00 | 67.00 | OK | |
r-patched-linux-x86_64 | 0.1.1 | 3.42 | 27.86 | 31.28 | OK | |
r-release-linux-x86_64 | 0.1.1 | 3.88 | 27.83 | 31.71 | OK | |
r-release-macos-arm64 | 0.1.1 | 54.00 | OK | |||
r-release-macos-x86_64 | 0.1.1 | 74.00 | OK | |||
r-release-windows-x86_64 | 0.1.1 | 6.00 | 58.00 | 64.00 | OK | |
r-oldrel-macos-arm64 | 0.1.1 | 44.00 | NOTE | |||
r-oldrel-macos-x86_64 | 0.1.1 | 75.00 | NOTE | |||
r-oldrel-windows-x86_64 | 0.1.1 | 6.00 | 59.00 | 65.00 | NOTE |
Version: 0.1.1
Check: dependencies in R code
Result: NOTE
Namespace in Imports field not imported from: ‘R6’
All declared Imports should be used.
Flavors: r-devel-linux-x86_64-fedora-clang, r-devel-linux-x86_64-fedora-gcc
Version: 0.1.1
Check: LazyData
Result: NOTE
'LazyData' is specified without a 'data' directory
Flavors: r-oldrel-macos-arm64, r-oldrel-macos-x86_64, r-oldrel-windows-x86_64