Last updated on 2025-04-30 04:50:02 CEST.
Flavor | Version | Tinstall | Tcheck | Ttotal | Status | Flags |
---|---|---|---|---|---|---|
r-devel-linux-x86_64-debian-clang | 1.7.1 | 2.64 | 36.16 | 38.80 | NOTE | |
r-devel-linux-x86_64-debian-gcc | 1.7.1 | 1.93 | 28.27 | 30.20 | NOTE | |
r-devel-linux-x86_64-fedora-clang | 1.7.1 | 60.07 | OK | |||
r-devel-linux-x86_64-fedora-gcc | 1.7.1 | 71.60 | OK | |||
r-devel-windows-x86_64 | 1.7.1 | 4.00 | 64.00 | 68.00 | OK | |
r-patched-linux-x86_64 | 1.7.1 | 2.29 | 34.27 | 36.56 | OK | |
r-release-linux-x86_64 | 1.7.1 | 2.55 | 34.67 | 37.22 | OK | |
r-release-macos-arm64 | 1.7.1 | 42.00 | OK | |||
r-release-macos-x86_64 | 1.7.1 | 57.00 | OK | |||
r-release-windows-x86_64 | 1.7.1 | 5.00 | 62.00 | 67.00 | OK | |
r-oldrel-macos-arm64 | 1.7.1 | 28.00 | OK | |||
r-oldrel-macos-x86_64 | 1.7.1 | 42.00 | OK | |||
r-oldrel-windows-x86_64 | 1.7.1 | 8.00 | 63.00 | 71.00 | OK |
Version: 1.7.1
Check: CRAN incoming feasibility
Result: NOTE
Maintainer: ‘Sidharth Macherla <msidharthrasik@gmail.com>’
Package CITATION file contains call(s) to old-style citEntry(). Please
use bibentry() instead.
Flavors: r-devel-linux-x86_64-debian-clang, r-devel-linux-x86_64-debian-gcc