Last updated on 2025-04-30 04:50:02 CEST.
Flavor | Version | Tinstall | Tcheck | Ttotal | Status | Flags |
---|---|---|---|---|---|---|
r-devel-linux-x86_64-debian-clang | 1.0.4 | 7.44 | 54.16 | 61.60 | OK | |
r-devel-linux-x86_64-debian-gcc | 1.0.4 | 4.47 | 38.39 | 42.86 | OK | |
r-devel-linux-x86_64-fedora-clang | 1.0.4 | 89.83 | NOTE | |||
r-devel-linux-x86_64-fedora-gcc | 1.0.4 | 84.05 | NOTE | |||
r-devel-windows-x86_64 | 1.0.4 | 8.00 | 71.00 | 79.00 | OK | |
r-patched-linux-x86_64 | 1.0.4 | 6.85 | 50.82 | 57.67 | OK | |
r-release-linux-x86_64 | 1.0.4 | 6.49 | 50.21 | 56.70 | OK | |
r-release-macos-arm64 | 1.0.4 | 31.00 | OK | |||
r-release-macos-x86_64 | 1.0.4 | 70.00 | OK | |||
r-release-windows-x86_64 | 1.0.4 | 8.00 | 66.00 | 74.00 | OK | |
r-oldrel-macos-arm64 | 1.0.4 | 29.00 | OK | |||
r-oldrel-macos-x86_64 | 1.0.4 | 40.00 | OK | |||
r-oldrel-windows-x86_64 | 1.0.4 | 11.00 | 82.00 | 93.00 | OK |
Version: 1.0.4
Check: dependencies in R code
Result: NOTE
Namespaces in Imports field not imported from:
‘scales’ ‘sna’
All declared Imports should be used.
Flavors: r-devel-linux-x86_64-fedora-clang, r-devel-linux-x86_64-fedora-gcc