Last updated on 2025-04-30 04:50:02 CEST.
Flavor | Version | Tinstall | Tcheck | Ttotal | Status | Flags |
---|---|---|---|---|---|---|
r-devel-linux-x86_64-debian-clang | 0.2.0 | 3.03 | 56.69 | 59.72 | NOTE | |
r-devel-linux-x86_64-debian-gcc | 0.2.0 | 2.19 | 44.45 | 46.64 | OK | |
r-devel-linux-x86_64-fedora-clang | 0.2.0 | 79.12 | OK | |||
r-devel-linux-x86_64-fedora-gcc | 0.2.0 | 88.91 | OK | |||
r-devel-windows-x86_64 | 0.2.0 | 5.00 | 59.00 | 64.00 | OK | |
r-patched-linux-x86_64 | 0.2.0 | 2.74 | 53.97 | 56.71 | OK | |
r-release-linux-x86_64 | 0.2.0 | 2.87 | 51.09 | 53.96 | OK | |
r-release-macos-arm64 | 0.2.0 | 33.00 | OK | |||
r-release-macos-x86_64 | 0.2.0 | 57.00 | OK | |||
r-release-windows-x86_64 | 0.2.0 | 5.00 | 65.00 | 70.00 | OK | |
r-oldrel-macos-arm64 | 0.2.0 | 37.00 | OK | |||
r-oldrel-macos-x86_64 | 0.2.0 | 46.00 | OK | |||
r-oldrel-windows-x86_64 | 0.2.0 | 4.00 | 69.00 | 73.00 | OK |
Version: 0.2.0
Check: examples
Result: NOTE
Examples with CPU (user + system) or elapsed time > 5s
user system elapsed
incidents 5.538 0.33 2.403
Examples with CPU time > 2.5 times elapsed time
user system elapsed ratio
constellate 1.024 0.032 0.383 2.757
Flavor: r-devel-linux-x86_64-debian-clang