Last updated on 2025-04-30 04:50:02 CEST.
Flavor | Version | Tinstall | Tcheck | Ttotal | Status | Flags |
---|---|---|---|---|---|---|
r-devel-linux-x86_64-debian-clang | 0.1.1 | 11.79 | 83.75 | 95.54 | NOTE | |
r-devel-linux-x86_64-debian-gcc | 0.1.1 | 10.20 | 65.47 | 75.67 | NOTE | |
r-devel-linux-x86_64-fedora-clang | 0.1.1 | 165.51 | OK | |||
r-devel-linux-x86_64-fedora-gcc | 0.1.1 | 155.62 | OK | |||
r-devel-windows-x86_64 | 0.1.1 | 11.00 | 82.00 | 93.00 | OK | |
r-patched-linux-x86_64 | 0.1.1 | 12.05 | 81.18 | 93.23 | OK | |
r-release-linux-x86_64 | 0.1.1 | 11.34 | 82.18 | 93.52 | OK | |
r-release-macos-arm64 | 0.1.1 | 71.00 | OK | |||
r-release-macos-x86_64 | 0.1.1 | 86.00 | OK | |||
r-release-windows-x86_64 | 0.1.1 | 11.00 | 83.00 | 94.00 | OK | |
r-oldrel-macos-arm64 | 0.1.1 | 69.00 | OK | |||
r-oldrel-macos-x86_64 | 0.1.1 | 70.00 | OK | |||
r-oldrel-windows-x86_64 | 0.1.1 | 13.00 | 99.00 | 112.00 | OK |
Version: 0.1.1
Check: CRAN incoming feasibility
Result: NOTE
Maintainer: ‘Zijian Guo <zijguo@stat.rutgers.edu>’
The Description field contains
when the model is known ('Guo and Small' (2016) <arXiv:1602.01051>) and
<arXiv:2010.09922>).
Please refer to arXiv e-prints via their arXiv DOI <doi:10.48550/arXiv.YYMM.NNNNN>.
Flavors: r-devel-linux-x86_64-debian-clang, r-devel-linux-x86_64-debian-gcc