CRAN Package Check Results for Package copent

Last updated on 2025-04-30 04:50:02 CEST.

Flavor Version Tinstall Tcheck Ttotal Status Flags
r-devel-linux-x86_64-debian-clang 0.5 1.93 24.58 26.51 NOTE
r-devel-linux-x86_64-debian-gcc 0.5 1.32 18.81 20.13 NOTE
r-devel-linux-x86_64-fedora-clang 0.5 41.38 OK
r-devel-linux-x86_64-fedora-gcc 0.5 41.20 OK
r-devel-windows-x86_64 0.5 3.00 51.00 54.00 OK
r-patched-linux-x86_64 0.5 2.01 24.19 26.20 OK
r-release-linux-x86_64 0.5 1.54 23.85 25.39 OK
r-release-macos-arm64 0.5 22.00 OK
r-release-macos-x86_64 0.5 50.00 OK
r-release-windows-x86_64 0.5 2.00 57.00 59.00 OK
r-oldrel-macos-arm64 0.5 25.00 OK
r-oldrel-macos-x86_64 0.5 44.00 OK
r-oldrel-windows-x86_64 0.5 3.00 51.00 54.00 OK

Check Details

Version: 0.5
Check: CRAN incoming feasibility
Result: NOTE Maintainer: ‘MA Jian <majian03@gmail.com>’ Found the following \keyword or \concept entries which likely give several index terms: File ‘construct_empirical_copula.Rd’: \keyword{empirical copula; rank} File ‘entknn.Rd’: \keyword{entropy; kNN} Flavors: r-devel-linux-x86_64-debian-clang, r-devel-linux-x86_64-debian-gcc

Version: 0.5
Check: examples
Result: NOTE Examples with CPU (user + system) or elapsed time > 5s user system elapsed tst 5.045 0.081 5.772 mcpd 0.021 0.003 6.668 Flavor: r-devel-linux-x86_64-debian-clang