Last updated on 2025-04-30 04:50:02 CEST.
Flavor | Version | Tinstall | Tcheck | Ttotal | Status | Flags |
---|---|---|---|---|---|---|
r-devel-linux-x86_64-debian-clang | 1.1-6 | 49.56 | 703.71 | 753.27 | NOTE | |
r-devel-linux-x86_64-debian-gcc | 1.1-6 | 29.02 | 473.58 | 502.60 | OK | |
r-devel-linux-x86_64-fedora-clang | 1.1-6 | 1193.38 | OK | |||
r-devel-linux-x86_64-fedora-gcc | 1.1-6 | 1147.91 | OK | |||
r-devel-windows-x86_64 | 1.1-6 | 55.00 | 431.00 | 486.00 | OK | --no-vignettes |
r-patched-linux-x86_64 | 1.1-6 | 52.30 | 679.34 | 731.64 | OK | |
r-release-linux-x86_64 | 1.1-6 | 47.05 | 664.51 | 711.56 | OK | |
r-release-macos-arm64 | 1.1-6 | 364.00 | OK | |||
r-release-macos-x86_64 | 1.1-6 | 735.00 | OK | |||
r-release-windows-x86_64 | 1.1-6 | 56.00 | 425.00 | 481.00 | OK | --no-vignettes |
r-oldrel-macos-arm64 | 1.1-6 | 304.00 | NOTE | |||
r-oldrel-macos-x86_64 | 1.1-6 | 611.00 | NOTE | |||
r-oldrel-windows-x86_64 | 1.1-6 | 68.00 | 479.00 | 547.00 | NOTE | --no-vignettes |
Version: 1.1-6
Check: examples
Result: NOTE
Examples with CPU (user + system) or elapsed time > 5s
user system elapsed
xvCopula 3.494 0.006 5.159
Flavor: r-devel-linux-x86_64-debian-clang
Version: 1.1-6
Check: installed package size
Result: NOTE
installed size is 7.8Mb
sub-directories of 1Mb or more:
R 2.4Mb
doc 3.2Mb
Flavors: r-oldrel-macos-arm64, r-oldrel-macos-x86_64
Version: 1.1-6
Flags: --no-vignettes
Check: installed package size
Result: NOTE
installed size is 7.3Mb
sub-directories of 1Mb or more:
R 2.1Mb
doc 3.2Mb
Flavor: r-oldrel-windows-x86_64