Last updated on 2025-04-30 04:50:02 CEST.
Flavor | Version | Tinstall | Tcheck | Ttotal | Status | Flags |
---|---|---|---|---|---|---|
r-devel-linux-x86_64-debian-clang | 0.1.0 | 2.78 | 22.79 | 25.57 | NOTE | |
r-devel-linux-x86_64-debian-gcc | 0.1.0 | 2.08 | 16.93 | 19.01 | NOTE | |
r-devel-linux-x86_64-fedora-clang | 0.1.0 | 40.46 | OK | |||
r-devel-linux-x86_64-fedora-gcc | 0.1.0 | 38.90 | OK | |||
r-devel-windows-x86_64 | 0.1.0 | 4.00 | 51.00 | 55.00 | OK | |
r-patched-linux-x86_64 | 0.1.0 | 2.70 | 21.73 | 24.43 | OK | |
r-release-linux-x86_64 | 0.1.0 | 2.88 | 21.96 | 24.84 | OK | |
r-release-macos-arm64 | 0.1.0 | 21.00 | OK | |||
r-release-macos-x86_64 | 0.1.0 | 39.00 | OK | |||
r-release-windows-x86_64 | 0.1.0 | 4.00 | 44.00 | 48.00 | OK | |
r-oldrel-macos-arm64 | 0.1.0 | 17.00 | OK | |||
r-oldrel-macos-x86_64 | 0.1.0 | 24.00 | OK | |||
r-oldrel-windows-x86_64 | 0.1.0 | 5.00 | 46.00 | 51.00 | OK |
Version: 0.1.0
Check: CRAN incoming feasibility
Result: NOTE
Maintainer: ‘Simon Boge Brant <simbrant91@gmail.com>’
The Description field contains
via gradient boosting [Brant, Hobæk Haff (2022); <arXiv:2208.04669>].
Please refer to arXiv e-prints via their arXiv DOI <doi:10.48550/arXiv.YYMM.NNNNN>.
Flavors: r-devel-linux-x86_64-debian-clang, r-devel-linux-x86_64-debian-gcc