Last updated on 2025-02-21 03:52:09 CET.
Flavor | Version | Tinstall | Tcheck | Ttotal | Status | Flags |
---|---|---|---|---|---|---|
r-devel-linux-x86_64-debian-clang | 1.2.0 | 16.39 | 133.74 | 150.13 | OK | |
r-devel-linux-x86_64-debian-gcc | 1.2.0 | 11.45 | 93.18 | 104.63 | OK | |
r-devel-linux-x86_64-fedora-clang | 1.2.0 | 241.66 | OK | |||
r-devel-linux-x86_64-fedora-gcc | 1.2.0 | 236.99 | OK | |||
r-devel-macos-arm64 | 1.2.0 | 68.00 | OK | |||
r-devel-macos-x86_64 | 1.2.0 | 140.00 | OK | |||
r-devel-windows-x86_64 | 1.2.0 | 16.00 | 120.00 | 136.00 | OK | |
r-patched-linux-x86_64 | 1.2.0 | 15.12 | 122.98 | 138.10 | OK | |
r-release-linux-x86_64 | 1.2.0 | 14.05 | 121.11 | 135.16 | OK | |
r-release-macos-arm64 | 1.2.0 | 69.00 | OK | |||
r-release-macos-x86_64 | 1.2.0 | 106.00 | OK | |||
r-release-windows-x86_64 | 1.2.0 | 18.00 | 121.00 | 139.00 | OK | |
r-oldrel-macos-arm64 | 1.2.0 | 76.00 | OK | |||
r-oldrel-macos-x86_64 | 1.2.0 | 125.00 | OK | |||
r-oldrel-windows-x86_64 | 1.2.0 | 6.00 | 8.00 | 14.00 | ERROR |
Version: 1.2.0
Check: whether package can be installed
Result: ERROR
Installation failed.
Flavor: r-oldrel-windows-x86_64