Last updated on 2025-04-30 04:50:02 CEST.
Flavor | Version | Tinstall | Tcheck | Ttotal | Status | Flags |
---|---|---|---|---|---|---|
r-devel-linux-x86_64-debian-clang | 0.0.5 | 29.04 | 25.11 | 54.15 | OK | |
r-devel-linux-x86_64-debian-gcc | 0.0.5 | 20.12 | 20.69 | 40.81 | OK | |
r-devel-linux-x86_64-fedora-clang | 0.0.5 | 102.30 | OK | |||
r-devel-linux-x86_64-fedora-gcc | 0.0.5 | 87.89 | OK | |||
r-devel-windows-x86_64 | 0.0.5 | 50.00 | 70.00 | 120.00 | OK | |
r-patched-linux-x86_64 | 0.0.5 | 26.25 | 22.99 | 49.24 | OK | |
r-release-linux-x86_64 | 0.0.5 | 26.94 | 23.00 | 49.94 | OK | |
r-release-macos-arm64 | 0.0.5 | 37.00 | OK | |||
r-release-macos-x86_64 | 0.0.5 | 57.00 | OK | |||
r-release-windows-x86_64 | 0.0.5 | 48.00 | 64.00 | 112.00 | OK | |
r-oldrel-macos-arm64 | 0.0.5 | 39.00 | NOTE | |||
r-oldrel-macos-x86_64 | 0.0.5 | 73.00 | NOTE | |||
r-oldrel-windows-x86_64 | 0.0.5 | 51.00 | 77.00 | 128.00 | OK |
Version: 0.0.5
Check: installed package size
Result: NOTE
installed size is 5.6Mb
sub-directories of 1Mb or more:
libs 2.8Mb
sample_data 2.6Mb
Flavors: r-oldrel-macos-arm64, r-oldrel-macos-x86_64