CRAN Package Check Results for Package corkscrew

Last updated on 2025-04-30 04:50:02 CEST.

Flavor Version Tinstall Tcheck Ttotal Status Flags
r-devel-linux-x86_64-debian-clang 1.1 5.48 47.93 53.41 NOTE
r-devel-linux-x86_64-debian-gcc 1.1 3.98 34.34 38.32 NOTE
r-devel-linux-x86_64-fedora-clang 1.1 75.99 OK
r-devel-linux-x86_64-fedora-gcc 1.1 71.86 OK
r-devel-windows-x86_64 1.1 7.00 66.00 73.00 OK
r-patched-linux-x86_64 1.1 5.61 45.37 50.98 OK
r-release-linux-x86_64 1.1 5.92 45.10 51.02 OK
r-release-macos-arm64 1.1 27.00 OK
r-release-macos-x86_64 1.1 62.00 OK
r-release-windows-x86_64 1.1 8.00 66.00 74.00 OK
r-oldrel-macos-arm64 1.1 24.00 OK
r-oldrel-macos-x86_64 1.1 40.00 OK
r-oldrel-windows-x86_64 1.1 9.00 75.00 84.00 OK

Check Details

Version: 1.1
Check: CRAN incoming feasibility
Result: NOTE Maintainer: ‘Santhosh Sasanapuri <santhosh458@gmail.com>’ No Authors@R field in DESCRIPTION. Please add one, modifying Authors@R: c(person(given = "Navin", family = "Loganathan", role = "aut"), person(given = "Mohan", family = "Manivannan", role = "aut"), person(given = "Santhosh", family = "Sasanapuri", role = c("aut", "cre"), email = "santhosh458@gmail.com"), person(given = "LatentView", family = "Analytics", role = "ctb")) as necessary. Flavors: r-devel-linux-x86_64-debian-clang, r-devel-linux-x86_64-debian-gcc