Last updated on 2025-04-30 04:50:02 CEST.
Flavor | Version | Tinstall | Tcheck | Ttotal | Status | Flags |
---|---|---|---|---|---|---|
r-devel-linux-x86_64-debian-clang | 1.0.0 | 2.49 | 70.86 | 73.35 | NOTE | |
r-devel-linux-x86_64-debian-gcc | 1.0.0 | 1.70 | 47.77 | 49.47 | OK | |
r-devel-linux-x86_64-fedora-clang | 1.0.0 | 123.37 | OK | |||
r-devel-linux-x86_64-fedora-gcc | 1.0.0 | 158.51 | OK | |||
r-devel-windows-x86_64 | 1.0.0 | 4.00 | 94.00 | 98.00 | OK | |
r-patched-linux-x86_64 | 1.0.0 | 2.68 | 66.28 | 68.96 | OK | |
r-release-linux-x86_64 | 1.0.0 | 2.35 | 66.43 | 68.78 | OK | |
r-release-macos-arm64 | 1.0.0 | 68.00 | OK | |||
r-release-macos-x86_64 | 1.0.0 | 109.00 | OK | |||
r-release-windows-x86_64 | 1.0.0 | 4.00 | 89.00 | 93.00 | OK | |
r-oldrel-macos-arm64 | 1.0.0 | 53.00 | OK | |||
r-oldrel-macos-x86_64 | 1.0.0 | 92.00 | OK | |||
r-oldrel-windows-x86_64 | 1.0.0 | 4.00 | 109.00 | 113.00 | OK |
Version: 1.0.0
Check: examples
Result: NOTE
Examples with CPU (user + system) or elapsed time > 5s
user system elapsed
coef.cornet 4.832 0.191 6.612
Flavor: r-devel-linux-x86_64-debian-clang