Last updated on 2025-04-30 04:50:02 CEST.
Flavor | Version | Tinstall | Tcheck | Ttotal | Status | Flags |
---|---|---|---|---|---|---|
r-devel-linux-x86_64-debian-clang | 1.0.2 | 1.98 | 24.26 | 26.24 | NOTE | |
r-devel-linux-x86_64-debian-gcc | 1.0.2 | 1.54 | 19.15 | 20.69 | NOTE | |
r-devel-linux-x86_64-fedora-clang | 1.0.2 | 42.43 | OK | |||
r-devel-linux-x86_64-fedora-gcc | 1.0.2 | 40.49 | OK | |||
r-devel-windows-x86_64 | 1.0.2 | 2.00 | 48.00 | 50.00 | OK | |
r-patched-linux-x86_64 | 1.0.2 | 2.07 | 23.73 | 25.80 | OK | |
r-release-linux-x86_64 | 1.0.2 | 1.75 | 24.30 | 26.05 | OK | |
r-release-macos-arm64 | 1.0.2 | 18.00 | OK | |||
r-release-macos-x86_64 | 1.0.2 | 30.00 | OK | |||
r-release-windows-x86_64 | 1.0.2 | 3.00 | 47.00 | 50.00 | OK | |
r-oldrel-macos-arm64 | 1.0.2 | 23.00 | NOTE | |||
r-oldrel-macos-x86_64 | 1.0.2 | 34.00 | NOTE | |||
r-oldrel-windows-x86_64 | 1.0.2 | 3.00 | 48.00 | 51.00 | NOTE |
Version: 1.0.2
Check: CRAN incoming feasibility
Result: NOTE
Maintainer: ‘Niklas Pfister <np@math.ku.dk>’
No Authors@R field in DESCRIPTION.
Please add one, modifying
Authors@R: c(person(given = "Niklas",
family = "Pfister",
role = c("aut", "cre"),
email = "np@math.ku.dk"),
person(given = "Sebastian",
family = "Weichwald",
role = "aut"))
as necessary.
Flavors: r-devel-linux-x86_64-debian-clang, r-devel-linux-x86_64-debian-gcc
Version: 1.0.2
Check: LazyData
Result: NOTE
'LazyData' is specified without a 'data' directory
Flavors: r-oldrel-macos-arm64, r-oldrel-macos-x86_64, r-oldrel-windows-x86_64