Last updated on 2025-04-30 04:50:02 CEST.
Flavor | Version | Tinstall | Tcheck | Ttotal | Status | Flags |
---|---|---|---|---|---|---|
r-devel-linux-x86_64-debian-clang | 1.0.1 | 2.71 | 33.74 | 36.45 | NOTE | |
r-devel-linux-x86_64-debian-gcc | 1.0.1 | 2.03 | 23.67 | 25.70 | NOTE | |
r-devel-linux-x86_64-fedora-clang | 1.0.1 | 58.79 | OK | |||
r-devel-linux-x86_64-fedora-gcc | 1.0.1 | 55.18 | OK | |||
r-devel-windows-x86_64 | 1.0.1 | 3.00 | 54.00 | 57.00 | OK | |
r-patched-linux-x86_64 | 1.0.1 | 2.51 | 32.10 | 34.61 | OK | |
r-release-linux-x86_64 | 1.0.1 | 2.41 | 32.60 | 35.01 | OK | |
r-release-macos-arm64 | 1.0.1 | 21.00 | OK | |||
r-release-macos-x86_64 | 1.0.1 | 41.00 | OK | |||
r-release-windows-x86_64 | 1.0.1 | 3.00 | 56.00 | 59.00 | OK | |
r-oldrel-macos-arm64 | 1.0.1 | 25.00 | OK | |||
r-oldrel-macos-x86_64 | 1.0.1 | 44.00 | OK | |||
r-oldrel-windows-x86_64 | 1.0.1 | 4.00 | 59.00 | 63.00 | OK |
Version: 1.0.1
Check: CRAN incoming feasibility
Result: NOTE
Maintainer: ‘Prabina Kumar Meher <meherprabin@yahoo.com>’
No Authors@R field in DESCRIPTION.
Please add one, modifying
Authors@R: c(person(given = c("Prabina", "Kumar", "Meher", "&", "A.", "R."),
family = "Rao",
role = "aut"),
person(given = c("Prabina", "Kumar"),
family = "Meher",
role = "cre",
email = "meherprabin@yahoo.com"))
as necessary.
Flavors: r-devel-linux-x86_64-debian-clang, r-devel-linux-x86_64-debian-gcc
Version: 1.0.1
Check: examples
Result: NOTE
Examples with CPU (user + system) or elapsed time > 5s
user system elapsed
assoc_Zi.ZjY 5.258 0.000 6.215
assoc_Zi.ZjR 5.227 0.001 6.295
Flavor: r-devel-linux-x86_64-debian-clang