Last updated on 2025-04-30 04:50:02 CEST.
Flavor | Version | Tinstall | Tcheck | Ttotal | Status | Flags |
---|---|---|---|---|---|---|
r-devel-linux-x86_64-debian-clang | 0.1.0 | 11.22 | 135.06 | 146.28 | NOTE | |
r-devel-linux-x86_64-debian-gcc | 0.1.0 | 6.94 | 92.06 | 99.00 | NOTE | |
r-devel-linux-x86_64-fedora-clang | 0.1.0 | 213.18 | NOTE | |||
r-devel-linux-x86_64-fedora-gcc | 0.1.0 | 217.10 | NOTE | |||
r-devel-windows-x86_64 | 0.1.0 | 14.00 | 137.00 | 151.00 | NOTE | |
r-patched-linux-x86_64 | 0.1.0 | 9.95 | 125.93 | 135.88 | NOTE | |
r-release-linux-x86_64 | 0.1.0 | 8.65 | 125.43 | 134.08 | NOTE | |
r-release-macos-arm64 | 0.1.0 | 65.00 | NOTE | |||
r-release-macos-x86_64 | 0.1.0 | 135.00 | NOTE | |||
r-release-windows-x86_64 | 0.1.0 | 13.00 | 131.00 | 144.00 | NOTE | |
r-oldrel-macos-arm64 | 0.1.0 | 64.00 | NOTE | |||
r-oldrel-macos-x86_64 | 0.1.0 | 102.00 | NOTE | |||
r-oldrel-windows-x86_64 | 0.1.0 | 16.00 | 189.00 | 205.00 | NOTE |
Version: 0.1.0
Check: CRAN incoming feasibility
Result: NOTE
Maintainer: ‘Alan Inglis <alan.n.inglis@gmail.com>’
No Authors@R field in DESCRIPTION.
Please add one, modifying
Authors@R: person(given = "Alan",
family = "Inglis",
role = c("aut", "cre"),
email = "alan.n.inglis@gmail.com")
as necessary.
Flavors: r-devel-linux-x86_64-debian-clang, r-devel-linux-x86_64-debian-gcc
Version: 0.1.0
Check: DESCRIPTION meta-information
Result: NOTE
Missing dependency on R >= 4.1.0 because package code uses the pipe
|> or function shorthand \(...) syntax added in R 4.1.0.
File(s) using such syntax:
‘corrBarplot.R’ ‘corrNetwork.R’
Flavors: r-devel-linux-x86_64-debian-clang, r-devel-linux-x86_64-debian-gcc, r-devel-linux-x86_64-fedora-clang, r-devel-linux-x86_64-fedora-gcc, r-devel-windows-x86_64, r-patched-linux-x86_64, r-release-linux-x86_64, r-release-macos-arm64, r-release-macos-x86_64, r-release-windows-x86_64
Version: 0.1.0
Check: examples
Result: NOTE
Examples with CPU (user + system) or elapsed time > 5s
user system elapsed
corrPairs 5.601 0.253 5.871
Flavor: r-devel-linux-x86_64-debian-clang
Version: 0.1.0
Check: installed package size
Result: NOTE
installed size is 7.2Mb
sub-directories of 1Mb or more:
doc 6.7Mb
Flavors: r-oldrel-macos-arm64, r-oldrel-macos-x86_64, r-oldrel-windows-x86_64