Last updated on 2025-02-21 03:52:09 CET.
Flavor | Version | Tinstall | Tcheck | Ttotal | Status | Flags |
---|---|---|---|---|---|---|
r-devel-linux-x86_64-debian-clang | 1.0.4 | 2.95 | 180.99 | 183.94 | NOTE | |
r-devel-linux-x86_64-debian-gcc | 1.0.4 | 2.29 | 130.41 | 132.70 | NOTE | |
r-devel-linux-x86_64-fedora-clang | 1.0.4 | 288.14 | OK | |||
r-devel-linux-x86_64-fedora-gcc | 1.0.4 | 305.40 | OK | |||
r-devel-macos-arm64 | 1.0.4 | 86.00 | OK | |||
r-devel-macos-x86_64 | 1.0.4 | 156.00 | OK | |||
r-devel-windows-x86_64 | 1.0.4 | 6.00 | 169.00 | 175.00 | NOTE | |
r-patched-linux-x86_64 | 1.0.4 | 7.27 | 174.30 | 181.57 | OK | |
r-release-linux-x86_64 | 1.0.4 | 2.26 | 176.27 | 178.53 | OK | |
r-release-macos-arm64 | 1.0.4 | 68.00 | OK | |||
r-release-macos-x86_64 | 1.0.4 | 96.00 | OK | |||
r-release-windows-x86_64 | 1.0.4 | 5.00 | 169.00 | 174.00 | OK | |
r-oldrel-macos-arm64 | 1.0.4 | 79.00 | OK | |||
r-oldrel-macos-x86_64 | 1.0.4 | 112.00 | OK | |||
r-oldrel-windows-x86_64 | 1.0.4 | 6.00 | 195.00 | 201.00 | OK |
Version: 1.0.4
Check: Rd cross-references
Result: NOTE
Found the following Rd file(s) with Rd \link{} targets missing package
anchors:
corrgrapher.Rd: visNetwork
plot.corrgrapher.Rd: visNetwork
Please provide package anchors for all Rd \link{} targets not in the
package itself and the base packages.
Flavors: r-devel-linux-x86_64-debian-clang, r-devel-linux-x86_64-debian-gcc, r-devel-windows-x86_64