CRAN Package Check Results for Package corset

Last updated on 2025-04-30 04:50:02 CEST.

Flavor Version Tinstall Tcheck Ttotal Status Flags
r-devel-linux-x86_64-debian-clang 0.1-5 1.94 25.93 27.87 NOTE
r-devel-linux-x86_64-debian-gcc 0.1-5 1.57 20.04 21.61 NOTE
r-devel-linux-x86_64-fedora-clang 0.1-5 42.40 OK
r-devel-linux-x86_64-fedora-gcc 0.1-5 67.70 OK
r-devel-windows-x86_64 0.1-5 3.00 48.00 51.00 OK
r-patched-linux-x86_64 0.1-5 1.89 24.90 26.79 OK
r-release-linux-x86_64 0.1-5 1.40 24.76 26.16 OK
r-release-macos-arm64 0.1-5 30.00 OK
r-release-macos-x86_64 0.1-5 67.00 OK
r-release-windows-x86_64 0.1-5 4.00 50.00 54.00 OK
r-oldrel-macos-arm64 0.1-5 33.00 OK
r-oldrel-macos-x86_64 0.1-5 41.00 OK
r-oldrel-windows-x86_64 0.1-5 4.00 49.00 53.00 OK

Check Details

Version: 0.1-5
Check: CRAN incoming feasibility
Result: NOTE Maintainer: ‘Fran Urbano <viraltux@gmail.com>’ No Authors@R field in DESCRIPTION. Please add one, modifying Authors@R: person(given = "Fran", family = "Urbano", role = c("aut", "cre"), email = "viraltux@gmail.com") as necessary. Flavors: r-devel-linux-x86_64-debian-clang, r-devel-linux-x86_64-debian-gcc