CRAN Package Check Results for Package cosinor

Last updated on 2025-04-30 04:50:02 CEST.

Flavor Version Tinstall Tcheck Ttotal Status Flags
r-devel-linux-x86_64-debian-clang 1.2.3 6.63 54.22 60.85 NOTE
r-devel-linux-x86_64-debian-gcc 1.2.3 4.25 38.11 42.36 NOTE
r-devel-linux-x86_64-fedora-clang 1.2.3 84.45 OK
r-devel-linux-x86_64-fedora-gcc 1.2.3 98.43 OK
r-devel-windows-x86_64 1.2.3 8.00 73.00 81.00 OK
r-patched-linux-x86_64 1.2.3 5.19 49.44 54.63 OK
r-release-linux-x86_64 1.2.3 5.15 49.23 54.38 OK
r-release-macos-arm64 1.2.3 60.00 OK
r-release-macos-x86_64 1.2.3 68.00 OK
r-release-windows-x86_64 1.2.3 8.00 72.00 80.00 OK
r-oldrel-macos-arm64 1.2.3 42.00 OK
r-oldrel-macos-x86_64 1.2.3 51.00 OK
r-oldrel-windows-x86_64 1.2.3 10.00 81.00 91.00 OK

Check Details

Version: 1.2.3
Check: CRAN incoming feasibility
Result: NOTE Maintainer: ‘Michael Sachs <sachsmc@gmail.com>’ No Authors@R field in DESCRIPTION. Please add one, modifying Authors@R: person(given = "Michael", family = "Sachs", role = c("aut", "cre"), email = "sachsmc@gmail.com") as necessary. Flavors: r-devel-linux-x86_64-debian-clang, r-devel-linux-x86_64-debian-gcc