CRAN Package Check Results for Package cosinor2

Last updated on 2025-04-30 04:50:02 CEST.

Flavor Version Tinstall Tcheck Ttotal Status Flags
r-devel-linux-x86_64-debian-clang 0.2.1 9.50 88.02 97.52 NOTE
r-devel-linux-x86_64-debian-gcc 0.2.1 6.11 62.36 68.47 NOTE
r-devel-linux-x86_64-fedora-clang 0.2.1 142.31 OK
r-devel-linux-x86_64-fedora-gcc 0.2.1 149.23 OK
r-devel-windows-x86_64 0.2.1 12.00 101.00 113.00 OK
r-patched-linux-x86_64 0.2.1 8.69 84.87 93.56 OK
r-release-linux-x86_64 0.2.1 7.26 83.88 91.14 OK
r-release-macos-arm64 0.2.1 45.00 OK
r-release-macos-x86_64 0.2.1 89.00 OK
r-release-windows-x86_64 0.2.1 12.00 94.00 106.00 OK
r-oldrel-macos-arm64 0.2.1 47.00 OK
r-oldrel-macos-x86_64 0.2.1 83.00 OK
r-oldrel-windows-x86_64 0.2.1 12.00 122.00 134.00 OK

Check Details

Version: 0.2.1
Check: CRAN incoming feasibility
Result: NOTE Maintainer: ‘Augustin Mutak <mutak94@gmail.com>’ No Authors@R field in DESCRIPTION. Please add one, modifying Authors@R: person(given = "Augustin", family = "Mutak", role = c("aut", "cre"), email = "mutak94@gmail.com") as necessary. Flavors: r-devel-linux-x86_64-debian-clang, r-devel-linux-x86_64-debian-gcc