Last updated on 2025-02-22 05:51:32 CET.
Flavor | Version | Tinstall | Tcheck | Ttotal | Status | Flags |
---|---|---|---|---|---|---|
r-devel-linux-x86_64-debian-clang | 1.1-1 | 1.90 | 17.67 | 19.57 | NOTE | |
r-devel-linux-x86_64-debian-gcc | 1.1-1 | 1.45 | 14.60 | 16.05 | NOTE | |
r-devel-linux-x86_64-fedora-clang | 1.1-1 | 32.26 | NOTE | |||
r-devel-linux-x86_64-fedora-gcc | 1.1-1 | 30.51 | NOTE | |||
r-devel-macos-arm64 | 1.1-1 | 15.00 | NOTE | |||
r-devel-macos-x86_64 | 1.1-1 | 23.00 | NOTE | |||
r-devel-windows-x86_64 | 1.1-1 | 4.00 | 48.00 | 52.00 | NOTE | |
r-patched-linux-x86_64 | 1.1-1 | 1.77 | 17.34 | 19.11 | NOTE | |
r-release-linux-x86_64 | 1.1-1 | 1.72 | 17.25 | 18.97 | NOTE | |
r-release-macos-arm64 | 1.1-1 | 15.00 | NOTE | |||
r-release-macos-x86_64 | 1.1-1 | 21.00 | NOTE | |||
r-release-windows-x86_64 | 1.1-1 | 3.00 | 37.00 | 40.00 | NOTE | |
r-oldrel-macos-arm64 | 1.1-1 | 16.00 | NOTE | |||
r-oldrel-macos-x86_64 | 1.1-1 | 18.00 | NOTE | |||
r-oldrel-windows-x86_64 | 1.1-1 | 3.00 | 39.00 | 42.00 | NOTE |
Version: 1.1-1
Check: Rd files
Result: NOTE
checkRd: (-1) cosmoFns-package.Rd:34: Escaped LaTeX specials: \&
Flavors: r-devel-linux-x86_64-debian-clang, r-devel-linux-x86_64-debian-gcc, r-devel-linux-x86_64-fedora-clang, r-devel-linux-x86_64-fedora-gcc, r-devel-macos-arm64, r-devel-macos-x86_64, r-devel-windows-x86_64, r-patched-linux-x86_64, r-release-linux-x86_64, r-release-macos-arm64, r-release-macos-x86_64, r-release-windows-x86_64, r-oldrel-macos-arm64, r-oldrel-macos-x86_64, r-oldrel-windows-x86_64