CRAN Package Check Results for Package countDM

Last updated on 2025-04-30 04:50:02 CEST.

Flavor Version Tinstall Tcheck Ttotal Status Flags
r-devel-linux-x86_64-debian-clang 0.1.0 3.31 37.87 41.18 NOTE
r-devel-linux-x86_64-debian-gcc 0.1.0 2.49 27.67 30.16 OK
r-devel-linux-x86_64-fedora-clang 0.1.0 65.42 OK
r-devel-linux-x86_64-fedora-gcc 0.1.0 65.29 OK
r-devel-windows-x86_64 0.1.0 4.00 61.00 65.00 OK
r-patched-linux-x86_64 0.1.0 3.67 36.35 40.02 OK
r-release-linux-x86_64 0.1.0 2.73 35.98 38.71 OK
r-release-macos-arm64 0.1.0 24.00 OK
r-release-macos-x86_64 0.1.0 40.00 OK
r-release-windows-x86_64 0.1.0 4.00 59.00 63.00 OK
r-oldrel-macos-arm64 0.1.0 21.00 OK
r-oldrel-macos-x86_64 0.1.0 34.00 OK
r-oldrel-windows-x86_64 0.1.0 6.00 64.00 70.00 OK

Check Details

Version: 0.1.0
Check: examples
Result: NOTE Examples with CPU (user + system) or elapsed time > 5s user system elapsed zibellt 5.366 0.012 6.586 Flavor: r-devel-linux-x86_64-debian-clang