Last updated on 2025-04-30 04:50:02 CEST.
Flavor | Version | Tinstall | Tcheck | Ttotal | Status | Flags |
---|---|---|---|---|---|---|
r-devel-linux-x86_64-debian-clang | 0.9.1 | 2.56 | 80.28 | 82.84 | NOTE | |
r-devel-linux-x86_64-debian-gcc | 0.9.1 | 1.72 | 53.53 | 55.25 | OK | |
r-devel-linux-x86_64-fedora-clang | 0.9.1 | 129.80 | NOTE | |||
r-devel-linux-x86_64-fedora-gcc | 0.9.1 | 138.28 | NOTE | |||
r-devel-windows-x86_64 | 0.9.1 | 4.00 | 102.00 | 106.00 | OK | |
r-patched-linux-x86_64 | 0.9.1 | 2.59 | 76.49 | 79.08 | OK | |
r-release-linux-x86_64 | 0.9.1 | 2.38 | 76.88 | 79.26 | OK | |
r-release-macos-arm64 | 0.9.1 | 39.00 | OK | |||
r-release-macos-x86_64 | 0.9.1 | 108.00 | OK | |||
r-release-windows-x86_64 | 0.9.1 | 5.00 | 97.00 | 102.00 | OK | |
r-oldrel-macos-arm64 | 0.9.1 | 49.00 | NOTE | |||
r-oldrel-macos-x86_64 | 0.9.1 | 94.00 | NOTE | |||
r-oldrel-windows-x86_64 | 0.9.1 | 5.00 | 124.00 | 129.00 | NOTE |
Version: 0.9.1
Check: examples
Result: NOTE
Examples with CPU (user + system) or elapsed time > 5s
user system elapsed
sphericalRange 5.7 0.026 6.674
Flavor: r-devel-linux-x86_64-debian-clang
Version: 0.9.1
Check: dependencies in R code
Result: NOTE
Namespace in Imports field not imported from: ‘jpeg’
All declared Imports should be used.
Flavors: r-devel-linux-x86_64-fedora-clang, r-devel-linux-x86_64-fedora-gcc
Version: 0.9.1
Check: LazyData
Result: NOTE
'LazyData' is specified without a 'data' directory
Flavors: r-oldrel-macos-arm64, r-oldrel-macos-x86_64, r-oldrel-windows-x86_64