Last updated on 2025-04-30 04:50:02 CEST.
Flavor | Version | Tinstall | Tcheck | Ttotal | Status | Flags |
---|---|---|---|---|---|---|
r-devel-linux-x86_64-debian-clang | 0.1.6 | 19.91 | 99.88 | 119.79 | NOTE | |
r-devel-linux-x86_64-debian-gcc | 0.1.6 | 12.37 | 70.53 | 82.90 | NOTE | |
r-devel-linux-x86_64-fedora-clang | 0.1.6 | 202.13 | OK | |||
r-devel-linux-x86_64-fedora-gcc | 0.1.6 | 207.09 | OK | |||
r-devel-windows-x86_64 | 0.1.6 | 21.00 | 112.00 | 133.00 | OK | |
r-patched-linux-x86_64 | 0.1.6 | 22.46 | 92.61 | 115.07 | OK | |
r-release-linux-x86_64 | 0.1.6 | 17.45 | 92.41 | 109.86 | OK | |
r-release-macos-arm64 | 0.1.6 | 51.00 | OK | |||
r-release-macos-x86_64 | 0.1.6 | 147.00 | OK | |||
r-release-windows-x86_64 | 0.1.6 | 22.00 | 104.00 | 126.00 | OK | |
r-oldrel-macos-arm64 | 0.1.6 | 55.00 | OK | |||
r-oldrel-macos-x86_64 | 0.1.6 | 99.00 | OK | |||
r-oldrel-windows-x86_64 | 0.1.6 | 28.00 | 146.00 | 174.00 | OK |
Version: 0.1.6
Check: examples
Result: NOTE
Examples with CPU (user + system) or elapsed time > 5s
user system elapsed
RandomSearchClassif 10.166 0.456 13.056
RandomSearchRegr 10.136 0.213 12.475
Flavor: r-devel-linux-x86_64-debian-clang
Version: 0.1.6
Check: examples
Result: NOTE
Examples with CPU (user + system) or elapsed time > 5s
user system elapsed
RandomSearchRegr 6.283 0.206 7.887
RandomSearchClassif 5.753 0.349 7.445
Flavor: r-devel-linux-x86_64-debian-gcc