Last updated on 2025-11-04 03:50:47 CET.
| Flavor | Version | Tinstall | Tcheck | Ttotal | Status | Flags | 
|---|---|---|---|---|---|---|
| r-devel-linux-x86_64-debian-clang | 0.0.2 | 2.39 | 42.67 | 45.06 | NOTE | |
| r-devel-linux-x86_64-debian-gcc | 0.0.2 | 1.76 | 33.11 | 34.87 | NOTE | |
| r-devel-linux-x86_64-fedora-clang | 0.0.2 | 63.95 | OK | |||
| r-devel-linux-x86_64-fedora-gcc | 0.0.2 | 79.69 | OK | |||
| r-devel-windows-x86_64 | 0.0.2 | 3.00 | 88.00 | 91.00 | OK | |
| r-patched-linux-x86_64 | 0.0.2 | 2.31 | 41.33 | 43.64 | OK | |
| r-release-linux-x86_64 | 0.0.2 | 1.93 | 41.08 | 43.01 | OK | |
| r-release-macos-arm64 | 0.0.2 | 1.00 | 34.00 | 35.00 | OK | |
| r-release-macos-x86_64 | 0.0.2 | 2.00 | 63.00 | 65.00 | OK | |
| r-release-windows-x86_64 | 0.0.2 | 4.00 | 86.00 | 90.00 | OK | |
| r-oldrel-macos-x86_64 | 0.0.2 | 2.00 | 49.00 | 51.00 | NOTE | |
| r-oldrel-windows-x86_64 | 0.0.2 | 3.00 | 91.00 | 94.00 | NOTE | 
Version: 0.0.2
Check: CRAN incoming feasibility
Result: NOTE
  Maintainer: ‘Kellie Archer <archer.43@osu.edu>’
  
  Package CITATION file contains call(s) to old-style personList() or
  as.personList().  Please use c() on person objects instead.
  Package CITATION file contains call(s) to old-style citEntry().  Please
  use bibentry() instead.
Flavors: r-devel-linux-x86_64-debian-clang, r-devel-linux-x86_64-debian-gcc
Version: 0.0.2
Check: LazyData
Result: NOTE
    'LazyData' is specified without a 'data' directory
Flavors: r-oldrel-macos-x86_64, r-oldrel-windows-x86_64