CRAN Package Check Results for Package countland

Last updated on 2025-04-30 04:50:02 CEST.

Flavor Version Tinstall Tcheck Ttotal Status Flags
r-devel-linux-x86_64-debian-clang 0.1.2 9.61 104.20 113.81 NOTE
r-devel-linux-x86_64-debian-gcc 0.1.2 7.16 77.43 84.59 OK
r-devel-linux-x86_64-fedora-clang 0.1.2 179.32 OK
r-devel-linux-x86_64-fedora-gcc 0.1.2 172.00 OK
r-devel-windows-x86_64 0.1.2 11.00 120.00 131.00 OK
r-patched-linux-x86_64 0.1.2 8.55 99.16 107.71 OK
r-release-linux-x86_64 0.1.2 9.09 99.59 108.68 OK
r-release-macos-arm64 0.1.2 56.00 OK
r-release-macos-x86_64 0.1.2 93.00 OK
r-release-windows-x86_64 0.1.2 12.00 119.00 131.00 OK
r-oldrel-macos-arm64 0.1.2 48.00 OK
r-oldrel-macos-x86_64 0.1.2 74.00 OK
r-oldrel-windows-x86_64 0.1.2 13.00 148.00 161.00 OK

Check Details

Version: 0.1.2
Check: examples
Result: NOTE Examples with CPU (user + system) or elapsed time > 5s user system elapsed Cluster 4.48 0.31 6.405 Flavor: r-devel-linux-x86_64-debian-clang