Last updated on 2025-04-30 04:50:02 CEST.
Flavor | Version | Tinstall | Tcheck | Ttotal | Status | Flags |
---|---|---|---|---|---|---|
r-devel-linux-x86_64-debian-clang | 1.0.0 | 13.45 | 109.09 | 122.54 | NOTE | |
r-devel-linux-x86_64-debian-gcc | 1.0.0 | 10.42 | 74.06 | 84.48 | OK | |
r-devel-linux-x86_64-fedora-clang | 1.0.0 | 173.91 | OK | |||
r-devel-linux-x86_64-fedora-gcc | 1.0.0 | 162.46 | OK | |||
r-devel-windows-x86_64 | 1.0.0 | 14.00 | 118.00 | 132.00 | OK | |
r-patched-linux-x86_64 | 1.0.0 | 13.70 | 99.01 | 112.71 | OK | |
r-release-linux-x86_64 | 1.0.0 | 12.69 | 98.91 | 111.60 | OK | |
r-release-macos-arm64 | 1.0.0 | 50.00 | OK | |||
r-release-macos-x86_64 | 1.0.0 | 100.00 | OK | |||
r-release-windows-x86_64 | 1.0.0 | 14.00 | 115.00 | 129.00 | OK | |
r-oldrel-macos-arm64 | 1.0.0 | 51.00 | OK | |||
r-oldrel-macos-x86_64 | 1.0.0 | 119.00 | OK | |||
r-oldrel-windows-x86_64 | 1.0.0 | 18.00 | 144.00 | 162.00 | OK |
Version: 1.0.0
Check: examples
Result: NOTE
Examples with CPU (user + system) or elapsed time > 5s
user system elapsed
get_simpsons_paradox_c 6.923 0.17 7.565
Flavor: r-devel-linux-x86_64-debian-clang