Last updated on 2025-04-30 04:50:02 CEST.
Flavor | Version | Tinstall | Tcheck | Ttotal | Status | Flags |
---|---|---|---|---|---|---|
r-devel-linux-x86_64-debian-clang | 1.2.3 | 17.51 | 85.93 | 103.44 | NOTE | |
r-devel-linux-x86_64-debian-gcc | 1.2.3 | 12.69 | 61.52 | 74.21 | NOTE | |
r-devel-linux-x86_64-fedora-clang | 1.2.3 | 161.43 | NOTE | |||
r-devel-linux-x86_64-fedora-gcc | 1.2.3 | 155.67 | NOTE | |||
r-devel-windows-x86_64 | 1.2.3 | 16.00 | 102.00 | 118.00 | OK | |
r-patched-linux-x86_64 | 1.2.3 | 15.22 | 81.39 | 96.61 | OK | |
r-release-linux-x86_64 | 1.2.3 | 16.08 | 81.47 | 97.55 | OK | |
r-release-macos-arm64 | 1.2.3 | 50.00 | OK | |||
r-release-macos-x86_64 | 1.2.3 | 87.00 | OK | |||
r-release-windows-x86_64 | 1.2.3 | 17.00 | 102.00 | 119.00 | OK | |
r-oldrel-macos-arm64 | 1.2.3 | 45.00 | OK | |||
r-oldrel-macos-x86_64 | 1.2.3 | 72.00 | OK | |||
r-oldrel-windows-x86_64 | 1.2.3 | 22.00 | 118.00 | 140.00 | OK |
Version: 1.2.3
Check: CRAN incoming feasibility
Result: NOTE
Maintainer: ‘Sandra De Iaco <sandra.deiaco@unisalento.it>’
Package has help file(s) containing later-stage \Sexpr{} expressions
but no 'build/stage23.rdb' file.
Flavors: r-devel-linux-x86_64-debian-clang, r-devel-linux-x86_64-debian-gcc
Version: 1.2.3
Check: dependencies in R code
Result: NOTE
Namespace in Imports field not imported from: ‘gstat’
All declared Imports should be used.
Flavors: r-devel-linux-x86_64-fedora-clang, r-devel-linux-x86_64-fedora-gcc