CRAN Package Check Results for Package covequal

Last updated on 2025-02-21 03:52:09 CET.

Flavor Version Tinstall Tcheck Ttotal Status Flags
r-devel-linux-x86_64-debian-clang 0.1.0 1.69 19.09 20.78 OK
r-devel-linux-x86_64-debian-gcc 0.1.0 1.38 15.63 17.01 OK
r-devel-linux-x86_64-fedora-clang 0.1.0 32.88 OK
r-devel-linux-x86_64-fedora-gcc 0.1.0 32.00 OK
r-devel-macos-arm64 0.1.0 18.00 OK
r-devel-macos-x86_64 0.1.0 27.00 OK
r-devel-windows-x86_64 0.1.0 3.00 47.00 50.00 OK
r-patched-linux-x86_64 0.1.0 1.39 18.92 20.31 NOTE
r-release-linux-x86_64 0.1.0 1.58 18.45 20.03 NOTE
r-release-macos-arm64 0.1.0 17.00 NOTE
r-release-macos-x86_64 0.1.0 23.00 NOTE
r-release-windows-x86_64 0.1.0 2.00 46.00 48.00 NOTE
r-oldrel-macos-arm64 0.1.0 17.00 NOTE
r-oldrel-macos-x86_64 0.1.0 23.00 NOTE
r-oldrel-windows-x86_64 0.1.0 3.00 46.00 49.00 NOTE

Check Details

Version: 0.1.0
Check: LazyData
Result: NOTE 'LazyData' is specified without a 'data' directory Flavors: r-patched-linux-x86_64, r-release-linux-x86_64, r-release-macos-arm64, r-release-macos-x86_64, r-release-windows-x86_64, r-oldrel-macos-arm64, r-oldrel-macos-x86_64, r-oldrel-windows-x86_64