CRAN Package Check Results for Package covglasso

Last updated on 2025-04-30 04:50:02 CEST.

Flavor Version Tinstall Tcheck Ttotal Status Flags
r-devel-linux-x86_64-debian-clang 1.0.3 21.28 30.98 52.26 NOTE
r-devel-linux-x86_64-debian-gcc 1.0.3 17.30 23.27 40.57 OK
r-devel-linux-x86_64-fedora-clang 1.0.3 93.71 OK
r-devel-linux-x86_64-fedora-gcc 1.0.3 92.09 OK
r-devel-windows-x86_64 1.0.3 28.00 69.00 97.00 OK
r-patched-linux-x86_64 1.0.3 23.15 28.69 51.84 OK
r-release-linux-x86_64 1.0.3 24.61 28.69 53.30 OK
r-release-macos-arm64 1.0.3 31.00 OK
r-release-macos-x86_64 1.0.3 44.00 OK
r-release-windows-x86_64 1.0.3 28.00 68.00 96.00 OK
r-oldrel-macos-arm64 1.0.3 29.00 OK
r-oldrel-macos-x86_64 1.0.3 39.00 OK
r-oldrel-windows-x86_64 1.0.3 31.00 76.00 107.00 OK

Check Details

Version: 1.0.3
Check: examples
Result: NOTE Examples with CPU (user + system) or elapsed time > 5s user system elapsed covglasso 6.312 0.018 7.276 Flavor: r-devel-linux-x86_64-debian-clang