Last updated on 2025-04-30 04:50:02 CEST.
Flavor | Version | Tinstall | Tcheck | Ttotal | Status | Flags |
---|---|---|---|---|---|---|
r-devel-linux-x86_64-debian-clang | 0.1.4 | 14.22 | 99.18 | 113.40 | NOTE | |
r-devel-linux-x86_64-debian-gcc | 0.1.4 | 9.70 | 70.74 | 80.44 | NOTE | |
r-devel-linux-x86_64-fedora-clang | 0.1.4 | 168.26 | NOTE | |||
r-devel-linux-x86_64-fedora-gcc | 0.1.4 | 158.59 | NOTE | |||
r-devel-windows-x86_64 | 0.1.4 | 14.00 | 107.00 | 121.00 | OK | |
r-patched-linux-x86_64 | 0.1.4 | 14.11 | 92.86 | 106.97 | OK | |
r-release-linux-x86_64 | 0.1.4 | 13.03 | 94.04 | 107.07 | OK | |
r-release-macos-arm64 | 0.1.4 | 49.00 | OK | |||
r-release-macos-x86_64 | 0.1.4 | 86.00 | OK | |||
r-release-windows-x86_64 | 0.1.4 | 14.00 | 108.00 | 122.00 | OK | |
r-oldrel-macos-arm64 | 0.1.4 | 45.00 | OK | |||
r-oldrel-macos-x86_64 | 0.1.4 | 80.00 | OK | |||
r-oldrel-windows-x86_64 | 0.1.4 | 18.00 | 129.00 | 147.00 | OK |
Version: 0.1.4
Check: CRAN incoming feasibility
Result: NOTE
Maintainer: ‘Max Salvatore <mmsalva@umich.edu>’
Found the following (possibly) invalid file URI:
URI: twitter.com/MaxSalTweets
From: README.md
Flavors: r-devel-linux-x86_64-debian-clang, r-devel-linux-x86_64-debian-gcc
Version: 0.1.4
Check: dependencies in R code
Result: NOTE
Namespaces in Imports field not imported from:
‘httr’ ‘stringr’
All declared Imports should be used.
Flavors: r-devel-linux-x86_64-fedora-clang, r-devel-linux-x86_64-fedora-gcc