Last updated on 2025-02-21 03:52:09 CET.
Flavor | Version | Tinstall | Tcheck | Ttotal | Status | Flags |
---|---|---|---|---|---|---|
r-devel-linux-x86_64-debian-clang | 3.6.4 | 5.08 | 115.00 | 120.08 | NOTE | |
r-devel-linux-x86_64-debian-gcc | 3.6.4 | 3.40 | 88.27 | 91.67 | NOTE | |
r-devel-linux-x86_64-fedora-clang | 3.6.4 | 194.62 | NOTE | |||
r-devel-linux-x86_64-fedora-gcc | 3.6.4 | 234.15 | NOTE | |||
r-devel-macos-arm64 | 3.6.4 | 135.00 | NOTE | |||
r-devel-macos-x86_64 | 3.6.4 | 181.00 | NOTE | |||
r-devel-windows-x86_64 | 3.6.4 | 10.00 | 196.00 | 206.00 | NOTE | |
r-patched-linux-x86_64 | 3.6.4 | 4.41 | 113.82 | 118.23 | OK | |
r-release-linux-x86_64 | 3.6.4 | 4.75 | 112.94 | 117.69 | OK | |
r-release-macos-arm64 | 3.6.4 | 109.00 | OK | |||
r-release-macos-x86_64 | 3.6.4 | 209.00 | OK | |||
r-release-windows-x86_64 | 3.6.4 | 9.00 | 204.00 | 213.00 | OK | |
r-oldrel-macos-arm64 | 3.6.4 | 109.00 | OK | |||
r-oldrel-macos-x86_64 | 3.6.4 | 183.00 | OK | |||
r-oldrel-windows-x86_64 | 3.6.4 | 11.00 | 225.00 | 236.00 | OK |
Version: 3.6.4
Check: compiled code
Result: NOTE
File ‘covr/libs/covr.so’:
Found non-API calls to R: ‘SET_BODY’, ‘SET_CLOENV’, ‘SET_FORMALS’
Compiled code should not call non-API entry points in R.
See ‘Writing portable packages’ in the ‘Writing R Extensions’ manual,
and section ‘Moving into C API compliance’ for issues with the use of
non-API entry points.
Flavors: r-devel-linux-x86_64-debian-clang, r-devel-linux-x86_64-debian-gcc, r-devel-linux-x86_64-fedora-clang, r-devel-linux-x86_64-fedora-gcc, r-devel-macos-arm64, r-devel-macos-x86_64
Version: 3.6.4
Check: compiled code
Result: NOTE
File 'covr/libs/x64/covr.dll':
Found non-API calls to R: 'SET_BODY', 'SET_CLOENV', 'SET_FORMALS'
Compiled code should not call non-API entry points in R.
See 'Writing portable packages' in the 'Writing R Extensions' manual,
and section 'Moving into C API compliance' for issues with the use of
non-API entry points.
Flavor: r-devel-windows-x86_64