CRAN Package Check Results for Package covsep

Last updated on 2025-04-30 04:50:02 CEST.

Flavor Version Tinstall Tcheck Ttotal Status Flags
r-devel-linux-x86_64-debian-clang 1.1.0 2.28 26.46 28.74 NOTE
r-devel-linux-x86_64-debian-gcc 1.1.0 1.76 21.08 22.84 NOTE
r-devel-linux-x86_64-fedora-clang 1.1.0 44.72 OK
r-devel-linux-x86_64-fedora-gcc 1.1.0 44.34 OK
r-devel-windows-x86_64 1.1.0 3.00 53.00 56.00 OK
r-patched-linux-x86_64 1.1.0 2.30 25.36 27.66 OK
r-release-linux-x86_64 1.1.0 2.11 25.52 27.63 OK
r-release-macos-arm64 1.1.0 18.00 OK
r-release-macos-x86_64 1.1.0 30.00 OK
r-release-windows-x86_64 1.1.0 3.00 53.00 56.00 OK
r-oldrel-macos-arm64 1.1.0 17.00 OK
r-oldrel-macos-x86_64 1.1.0 26.00 OK
r-oldrel-windows-x86_64 1.1.0 4.00 54.00 58.00 OK

Check Details

Version: 1.1.0
Check: CRAN incoming feasibility
Result: NOTE Maintainer: ‘Shahin Tavakoli <s.tavakoli@warwick.ac.uk>’ The Description field contains <https://projecteuclid.org/euclid.aos/1498636862> <arXiv:1505.02023>. Please refer to arXiv e-prints via their arXiv DOI <doi:10.48550/arXiv.YYMM.NNNNN>. Flavors: r-devel-linux-x86_64-debian-clang, r-devel-linux-x86_64-debian-gcc