Last updated on 2025-04-30 04:50:02 CEST.
Flavor | Version | Tinstall | Tcheck | Ttotal | Status | Flags |
---|---|---|---|---|---|---|
r-devel-linux-x86_64-debian-clang | 0.3 | 4.07 | 41.92 | 45.99 | NOTE | |
r-devel-linux-x86_64-debian-gcc | 0.3 | 3.07 | 26.69 | 29.76 | NOTE | |
r-devel-linux-x86_64-fedora-clang | 0.3 | 69.29 | OK | |||
r-devel-linux-x86_64-fedora-gcc | 0.3 | 69.91 | OK | |||
r-devel-windows-x86_64 | 0.3 | 7.00 | 63.00 | 70.00 | NOTE | |
r-patched-linux-x86_64 | 0.3 | 3.92 | 38.23 | 42.15 | NOTE | |
r-release-linux-x86_64 | 0.3 | 3.44 | 39.39 | 42.83 | NOTE | |
r-release-macos-arm64 | 0.3 | 23.00 | OK | |||
r-release-macos-x86_64 | 0.3 | 44.00 | OK | |||
r-release-windows-x86_64 | 0.3 | 7.00 | 66.00 | 73.00 | NOTE | |
r-oldrel-macos-arm64 | 0.3 | 22.00 | OK | |||
r-oldrel-macos-x86_64 | 0.3 | 36.00 | OK | |||
r-oldrel-windows-x86_64 | 0.3 | 7.00 | 64.00 | 71.00 | OK |
Version: 0.3
Check: CRAN incoming feasibility
Result: NOTE
Maintainer: ‘Feng Chen <feng.chen@unsw.edu.au>’
No Authors@R field in DESCRIPTION.
Please add one, modifying
Authors@R: person(given = "Feng",
family = "Chen",
role = c("aut", "cre"),
email = "feng.chen@unsw.edu.au")
as necessary.
Flavors: r-devel-linux-x86_64-debian-clang, r-devel-linux-x86_64-debian-gcc
Version: 0.3
Check: Rd cross-references
Result: NOTE
Found the following Rd file(s) with Rd \link{} targets missing package
anchors:
coxsei-package.Rd: survival
Please provide package anchors for all Rd \link{} targets not in the
package itself and the base packages.
Flavors: r-devel-linux-x86_64-debian-clang, r-devel-linux-x86_64-debian-gcc, r-devel-windows-x86_64, r-patched-linux-x86_64, r-release-linux-x86_64, r-release-windows-x86_64
Version: 0.3
Check: examples
Result: NOTE
Examples with CPU (user + system) or elapsed time > 5s
user system elapsed
coxseiInt 4.507 0.122 5.592
coxseifit.ex 3.771 0.091 5.103
Flavor: r-devel-linux-x86_64-debian-clang