Last updated on 2025-04-30 04:50:02 CEST.
Flavor | Version | Tinstall | Tcheck | Ttotal | Status | Flags |
---|---|---|---|---|---|---|
r-devel-linux-x86_64-debian-clang | 0.1.3 | 5.47 | 260.34 | 265.81 | NOTE | |
r-devel-linux-x86_64-debian-gcc | 0.1.3 | 3.27 | 174.95 | 178.22 | OK | |
r-devel-linux-x86_64-fedora-clang | 0.1.3 | 418.87 | OK | |||
r-devel-linux-x86_64-fedora-gcc | 0.1.3 | 388.22 | OK | |||
r-devel-windows-x86_64 | 0.1.3 | 8.00 | 218.00 | 226.00 | OK | |
r-patched-linux-x86_64 | 0.1.3 | 5.38 | 250.00 | 255.38 | OK | |
r-release-linux-x86_64 | 0.1.3 | 5.24 | 250.28 | 255.52 | OK | |
r-release-macos-arm64 | 0.1.3 | 98.00 | OK | |||
r-release-macos-x86_64 | 0.1.3 | 185.00 | OK | |||
r-release-windows-x86_64 | 0.1.3 | 9.00 | 219.00 | 228.00 | OK | |
r-oldrel-macos-arm64 | 0.1.3 | 96.00 | OK | |||
r-oldrel-macos-x86_64 | 0.1.3 | 198.00 | OK | |||
r-oldrel-windows-x86_64 | 0.1.3 | 8.00 | 286.00 | 294.00 | OK |
Version: 0.1.3
Check: examples
Result: NOTE
Examples with CPU (user + system) or elapsed time > 5s
user system elapsed
compute_p_values 3.099 0.209 5.57
Flavor: r-devel-linux-x86_64-debian-clang