Last updated on 2025-02-21 03:52:09 CET.
Flavor | Version | Tinstall | Tcheck | Ttotal | Status | Flags |
---|---|---|---|---|---|---|
r-devel-linux-x86_64-debian-clang | 0.2.0 | 2.60 | 23.12 | 25.72 | OK | |
r-devel-linux-x86_64-debian-gcc | 0.2.0 | 1.99 | 18.73 | 20.72 | OK | |
r-devel-linux-x86_64-fedora-clang | 0.2.0 | 41.07 | OK | |||
r-devel-linux-x86_64-fedora-gcc | 0.2.0 | 52.78 | OK | |||
r-devel-macos-arm64 | 0.2.0 | 26.00 | OK | |||
r-devel-macos-x86_64 | 0.2.0 | 83.00 | OK | |||
r-devel-windows-x86_64 | 0.2.0 | 6.00 | 47.00 | 53.00 | OK | |
r-patched-linux-x86_64 | 0.2.0 | 2.83 | 22.10 | 24.93 | OK | |
r-release-linux-x86_64 | 0.2.0 | 2.64 | 22.12 | 24.76 | OK | |
r-release-macos-arm64 | 0.2.0 | 52.00 | NOTE | |||
r-release-macos-x86_64 | 0.2.0 | 68.00 | NOTE | |||
r-release-windows-x86_64 | 0.2.0 | 7.00 | 48.00 | 55.00 | NOTE | |
r-oldrel-macos-arm64 | 0.2.0 | 30.00 | NOTE | |||
r-oldrel-macos-x86_64 | 0.2.0 | 63.00 | NOTE | |||
r-oldrel-windows-x86_64 | 0.2.0 | 7.00 | 49.00 | 56.00 | NOTE |
Version: 0.2.0
Check: installed package size
Result: NOTE
installed size is 8.2Mb
sub-directories of 1Mb or more:
include 7.7Mb
Flavors: r-release-macos-arm64, r-release-macos-x86_64, r-release-windows-x86_64, r-oldrel-macos-arm64, r-oldrel-macos-x86_64, r-oldrel-windows-x86_64