CRAN Package Check Results for Package cpr

Last updated on 2025-04-30 04:50:02 CEST.

Flavor Version Tinstall Tcheck Ttotal Status Flags
r-devel-linux-x86_64-debian-clang 0.4.0 45.94 350.56 396.50 OK
r-devel-linux-x86_64-debian-gcc 0.4.0 31.50 251.66 283.16 OK
r-devel-linux-x86_64-fedora-clang 0.4.0 661.89 OK
r-devel-linux-x86_64-fedora-gcc 0.4.0 660.78 OK
r-devel-windows-x86_64 0.4.0 59.00 342.00 401.00 OK
r-patched-linux-x86_64 0.4.0 48.41 338.04 386.45 OK
r-release-linux-x86_64 0.4.0 47.33 339.49 386.82 OK
r-release-macos-arm64 0.4.0 328.00 OK
r-release-macos-x86_64 0.4.0 339.00 OK
r-release-windows-x86_64 0.4.0 59.00 378.00 437.00 OK
r-oldrel-macos-arm64 0.4.0 242.00 NOTE
r-oldrel-macos-x86_64 0.4.0 292.00 NOTE
r-oldrel-windows-x86_64 0.4.0 64.00 469.00 533.00 OK

Check Details

Version: 0.4.0
Check: installed package size
Result: NOTE installed size is 5.3Mb sub-directories of 1Mb or more: doc 1.6Mb libs 2.9Mb Flavors: r-oldrel-macos-arm64, r-oldrel-macos-x86_64