CRAN Package Check Results for Package cpss

Last updated on 2025-04-30 04:50:02 CEST.

Flavor Version Tinstall Tcheck Ttotal Status Flags
r-devel-linux-x86_64-debian-clang 0.0.3 50.93 66.01 116.94 NOTE
r-devel-linux-x86_64-debian-gcc 0.0.3 39.98 45.51 85.49 NOTE
r-devel-linux-x86_64-fedora-clang 0.0.3 196.25 NOTE
r-devel-linux-x86_64-fedora-gcc 0.0.3 195.61 NOTE
r-devel-windows-x86_64 0.0.3 64.00 103.00 167.00 NOTE
r-patched-linux-x86_64 0.0.3 55.36 63.06 118.42 NOTE
r-release-linux-x86_64 0.0.3 54.79 61.26 116.05 NOTE
r-release-macos-arm64 0.0.3 47.00 NOTE
r-release-macos-x86_64 0.0.3 82.00 NOTE
r-release-windows-x86_64 0.0.3 66.00 106.00 172.00 NOTE
r-oldrel-macos-arm64 0.0.3 50.00 NOTE
r-oldrel-macos-x86_64 0.0.3 63.00 NOTE
r-oldrel-windows-x86_64 0.0.3 69.00 122.00 191.00 NOTE

Check Details

Version: 0.0.3
Check: C++ specification
Result: NOTE Specified C++11: please drop specification unless essential Flavors: r-devel-linux-x86_64-debian-clang, r-devel-linux-x86_64-debian-gcc, r-devel-linux-x86_64-fedora-clang, r-devel-linux-x86_64-fedora-gcc, r-devel-windows-x86_64, r-patched-linux-x86_64, r-release-linux-x86_64, r-release-macos-arm64, r-release-macos-x86_64, r-release-windows-x86_64, r-oldrel-macos-arm64, r-oldrel-macos-x86_64, r-oldrel-windows-x86_64