CRAN Package Check Results for Package cpt

Last updated on 2025-04-30 04:50:02 CEST.

Flavor Version Tinstall Tcheck Ttotal Status Flags
r-devel-linux-x86_64-debian-clang 1.0.2 6.31 63.38 69.69 NOTE
r-devel-linux-x86_64-debian-gcc 1.0.2 5.61 44.67 50.28 NOTE
r-devel-linux-x86_64-fedora-clang 1.0.2 109.18 OK
r-devel-linux-x86_64-fedora-gcc 1.0.2 104.77 OK
r-devel-windows-x86_64 1.0.2 8.00 75.00 83.00 OK
r-patched-linux-x86_64 1.0.2 6.33 60.86 67.19 OK
r-release-linux-x86_64 1.0.2 6.17 60.93 67.10 OK
r-release-macos-arm64 1.0.2 35.00 OK
r-release-macos-x86_64 1.0.2 81.00 OK
r-release-windows-x86_64 1.0.2 8.00 74.00 82.00 OK
r-oldrel-macos-arm64 1.0.2 34.00 OK
r-oldrel-macos-x86_64 1.0.2 62.00 OK
r-oldrel-windows-x86_64 1.0.2 9.00 84.00 93.00 OK

Check Details

Version: 1.0.2
Check: CRAN incoming feasibility
Result: NOTE Maintainer: ‘Johann Gagnon-Bartsch <johanngb@umich.edu>’ No Authors@R field in DESCRIPTION. Please add one, modifying Authors@R: person(given = "Johann", family = "Gagnon-Bartsch", role = c("aut", "cre"), email = "johanngb@umich.edu") as necessary. Flavors: r-devel-linux-x86_64-debian-clang, r-devel-linux-x86_64-debian-gcc

Version: 1.0.2
Check: examples
Result: NOTE Examples with CPU (user + system) or elapsed time > 5s user system elapsed cpt 7.691 0.146 9.746 Flavor: r-devel-linux-x86_64-debian-clang