Last updated on 2025-04-30 04:50:02 CEST.
Flavor | Version | Tinstall | Tcheck | Ttotal | Status | Flags |
---|---|---|---|---|---|---|
r-devel-linux-x86_64-debian-clang | 2.3 | 6.00 | 62.51 | 68.51 | NOTE | |
r-devel-linux-x86_64-debian-gcc | 2.3 | 4.26 | 43.23 | 47.49 | NOTE | |
r-devel-linux-x86_64-fedora-clang | 2.3 | 113.63 | OK | |||
r-devel-linux-x86_64-fedora-gcc | 2.3 | 102.17 | OK | |||
r-devel-windows-x86_64 | 2.3 | 9.00 | 77.00 | 86.00 | OK | |
r-patched-linux-x86_64 | 2.3 | 6.77 | 58.99 | 65.76 | OK | |
r-release-linux-x86_64 | 2.3 | 5.14 | 57.72 | 62.86 | OK | |
r-release-macos-arm64 | 2.3 | 37.00 | OK | |||
r-release-macos-x86_64 | 2.3 | 68.00 | OK | |||
r-release-windows-x86_64 | 2.3 | 10.00 | 77.00 | 87.00 | OK | |
r-oldrel-macos-arm64 | 2.3 | 34.00 | OK | |||
r-oldrel-macos-x86_64 | 2.3 | 50.00 | OK | |||
r-oldrel-windows-x86_64 | 2.3 | 12.00 | 96.00 | 108.00 | OK |
Version: 2.3
Check: CRAN incoming feasibility
Result: NOTE
Maintainer: ‘Francesco Bartolucci <francesco.bartolucci@unipg.it>’
No Authors@R field in DESCRIPTION.
Please add one, modifying
Authors@R: c(person(given = "Francesco",
family = "Bartolucci",
role = c("aut", "cre"),
email = "francesco.bartolucci@unipg.it",
comment = "University of Perugia"),
person(given = "Claudia",
family = "Pigini",
role = "aut",
comment = "University of Ancona \"Politecnica delle Marche\""),
person(given = "Francesco",
family = "Valentini",
role = "aut",
comment = "University of Ancona \"Politecnica delle Marche\""))
as necessary.
Flavors: r-devel-linux-x86_64-debian-clang, r-devel-linux-x86_64-debian-gcc