Last updated on 2025-07-05 04:50:12 CEST.
Flavor | Version | Tinstall | Tcheck | Ttotal | Status | Flags |
---|---|---|---|---|---|---|
r-devel-linux-x86_64-debian-clang | 0.1.0 | 26.58 | 677.03 | 703.61 | OK | |
r-devel-linux-x86_64-debian-gcc | 0.1.0 | 17.11 | 550.23 | 567.34 | OK | |
r-devel-linux-x86_64-fedora-clang | 0.1.0 | 1027.54 | OK | |||
r-devel-linux-x86_64-fedora-gcc | 0.1.0 | 1040.72 | OK | |||
r-devel-windows-x86_64 | 0.1.0 | 26.00 | 465.00 | 491.00 | OK | |
r-patched-linux-x86_64 | 0.1.0 | 25.69 | 680.18 | 705.87 | OK | |
r-release-linux-x86_64 | 0.1.0 | 25.51 | 678.54 | 704.05 | OK | |
r-release-macos-arm64 | 0.1.0 | 139.00 | OK | |||
r-release-macos-x86_64 | 0.1.0 | 479.00 | OK | |||
r-release-windows-x86_64 | 0.1.0 | 27.00 | 477.00 | 504.00 | OK | |
r-oldrel-macos-arm64 | 0.1.0 | 175.00 | NOTE | |||
r-oldrel-macos-x86_64 | 0.1.0 | 466.00 | NOTE | |||
r-oldrel-windows-x86_64 | 0.1.0 | 35.00 | 615.00 | 650.00 | NOTE |
Version: 0.1.0
Check: installed package size
Result: NOTE
installed size is 5.2Mb
sub-directories of 1Mb or more:
doc 2.2Mb
help 2.4Mb
Flavors: r-oldrel-macos-arm64, r-oldrel-macos-x86_64, r-oldrel-windows-x86_64