Last updated on 2025-07-05 04:50:12 CEST.
Flavor | Version | Tinstall | Tcheck | Ttotal | Status | Flags |
---|---|---|---|---|---|---|
r-devel-linux-x86_64-debian-clang | 0.6.0 | 7.81 | 359.30 | 367.11 | OK | |
r-devel-linux-x86_64-debian-gcc | 0.6.0 | 5.15 | 254.58 | 259.73 | OK | |
r-devel-linux-x86_64-fedora-clang | 0.6.0 | 499.93 | OK | |||
r-devel-linux-x86_64-fedora-gcc | 0.6.0 | 553.08 | OK | |||
r-devel-windows-x86_64 | 0.6.0 | 10.00 | 324.00 | 334.00 | OK | |
r-patched-linux-x86_64 | 0.6.0 | 7.71 | 345.15 | 352.86 | OK | |
r-release-linux-x86_64 | 0.6.0 | 7.09 | 343.19 | 350.28 | OK | |
r-release-macos-arm64 | 0.6.0 | 208.00 | OK | |||
r-release-macos-x86_64 | 0.6.0 | 345.00 | OK | |||
r-release-windows-x86_64 | 0.6.0 | 12.00 | 329.00 | 341.00 | OK | |
r-oldrel-macos-arm64 | 0.6.0 | 157.00 | NOTE | |||
r-oldrel-macos-x86_64 | 0.6.0 | 260.00 | NOTE | |||
r-oldrel-windows-x86_64 | 0.6.0 | 13.00 | 469.00 | 482.00 | NOTE |
Version: 0.6.0
Check: installed package size
Result: NOTE
installed size is 5.4Mb
sub-directories of 1Mb or more:
doc 5.1Mb
Flavors: r-oldrel-macos-arm64, r-oldrel-macos-x86_64, r-oldrel-windows-x86_64