Last updated on 2025-04-30 04:50:02 CEST.
Flavor | Version | Tinstall | Tcheck | Ttotal | Status | Flags |
---|---|---|---|---|---|---|
r-devel-linux-x86_64-debian-clang | 0.0.3 | 3.29 | 36.80 | 40.09 | NOTE | |
r-devel-linux-x86_64-debian-gcc | 0.0.3 | 2.47 | 26.84 | 29.31 | NOTE | |
r-devel-linux-x86_64-fedora-clang | 0.0.3 | 59.64 | NOTE | |||
r-devel-linux-x86_64-fedora-gcc | 0.0.3 | 55.66 | NOTE | |||
r-devel-windows-x86_64 | 0.0.3 | 5.00 | 56.00 | 61.00 | NOTE | |
r-patched-linux-x86_64 | 0.0.3 | 3.34 | 33.05 | 36.39 | NOTE | |
r-release-linux-x86_64 | 0.0.3 | 2.41 | 33.56 | 35.97 | NOTE | |
r-release-macos-arm64 | 0.0.3 | 26.00 | NOTE | |||
r-release-macos-x86_64 | 0.0.3 | 36.00 | NOTE | |||
r-release-windows-x86_64 | 0.0.3 | 6.00 | 54.00 | 60.00 | NOTE | |
r-oldrel-macos-arm64 | 0.0.3 | 25.00 | OK | |||
r-oldrel-macos-x86_64 | 0.0.3 | 32.00 | OK | |||
r-oldrel-windows-x86_64 | 0.0.3 | 6.00 | 59.00 | 65.00 | OK |
Version: 0.0.3
Check: DESCRIPTION meta-information
Result: NOTE
Missing dependency on R >= 4.1.0 because package code uses the pipe
|> or function shorthand \(...) syntax added in R 4.1.0.
File(s) using such syntax:
‘pick_colors.R’ ‘scale_crayons.Rd’
Flavors: r-devel-linux-x86_64-debian-clang, r-devel-linux-x86_64-debian-gcc, r-devel-linux-x86_64-fedora-clang, r-devel-linux-x86_64-fedora-gcc, r-devel-windows-x86_64, r-patched-linux-x86_64, r-release-linux-x86_64, r-release-macos-arm64, r-release-macos-x86_64, r-release-windows-x86_64
Version: 0.0.3
Check: examples
Result: NOTE
Examples with CPU (user + system) or elapsed time > 5s
user system elapsed
crayons 5.882 0.12 7.826
Flavor: r-devel-linux-x86_64-debian-clang
Version: 0.0.3
Check: examples
Result: NOTE
Examples with CPU (user + system) or elapsed time > 5s
user system elapsed
crayons 3.538 0.121 5.787
Flavor: r-devel-linux-x86_64-debian-gcc