Last updated on 2025-04-30 04:50:03 CEST.
Flavor | Version | Tinstall | Tcheck | Ttotal | Status | Flags |
---|---|---|---|---|---|---|
r-devel-linux-x86_64-debian-clang | 0.0.26 | 11.80 | 101.88 | 113.68 | NOTE | |
r-devel-linux-x86_64-debian-gcc | 0.0.26 | 9.03 | 70.00 | 79.03 | NOTE | |
r-devel-linux-x86_64-fedora-clang | 0.0.26 | 160.39 | OK | |||
r-devel-linux-x86_64-fedora-gcc | 0.0.26 | 151.87 | OK | |||
r-devel-windows-x86_64 | 0.0.26 | 15.00 | 136.00 | 151.00 | OK | |
r-patched-linux-x86_64 | 0.0.26 | 12.58 | 94.96 | 107.54 | OK | |
r-release-linux-x86_64 | 0.0.26 | 11.08 | 94.39 | 105.47 | OK | |
r-release-macos-arm64 | 0.0.26 | 54.00 | OK | |||
r-release-macos-x86_64 | 0.0.26 | 89.00 | OK | |||
r-release-windows-x86_64 | 0.0.26 | 16.00 | 131.00 | 147.00 | OK | |
r-oldrel-macos-arm64 | 0.0.26 | 43.00 | OK | |||
r-oldrel-macos-x86_64 | 0.0.26 | 68.00 | OK | |||
r-oldrel-windows-x86_64 | 0.0.26 | 18.00 | 154.00 | 172.00 | OK |
Version: 0.0.26
Check: CRAN incoming feasibility
Result: NOTE
Maintainer: ‘Tinniam V Ganesh <tvganesh.85@gmail.com>’
No Authors@R field in DESCRIPTION.
Please add one, modifying
Authors@R: person(given = c("Tinniam", "V"),
family = "Ganesh",
role = c("aut", "cre"),
email = "tvganesh.85@gmail.com")
as necessary.
Flavors: r-devel-linux-x86_64-debian-clang, r-devel-linux-x86_64-debian-gcc