Last updated on 2025-04-30 04:50:03 CEST.
Flavor | Version | Tinstall | Tcheck | Ttotal | Status | Flags |
---|---|---|---|---|---|---|
r-devel-linux-x86_64-debian-clang | 1.1.7 | 5.66 | 50.84 | 56.50 | NOTE | |
r-devel-linux-x86_64-debian-gcc | 1.1.7 | 3.99 | 35.86 | 39.85 | NOTE | |
r-devel-linux-x86_64-fedora-clang | 1.1.7 | 94.76 | NOTE | |||
r-devel-linux-x86_64-fedora-gcc | 1.1.7 | 82.80 | NOTE | |||
r-devel-windows-x86_64 | 1.1.7 | 8.00 | 68.00 | 76.00 | OK | |
r-patched-linux-x86_64 | 1.1.7 | 5.61 | 48.26 | 53.87 | OK | |
r-release-linux-x86_64 | 1.1.7 | 5.54 | 48.12 | 53.66 | OK | |
r-release-macos-arm64 | 1.1.7 | 34.00 | OK | |||
r-release-macos-x86_64 | 1.1.7 | 46.00 | OK | |||
r-release-windows-x86_64 | 1.1.7 | 8.00 | 68.00 | 76.00 | OK | |
r-oldrel-macos-arm64 | 1.1.7 | 29.00 | NOTE | |||
r-oldrel-macos-x86_64 | 1.1.7 | 41.00 | NOTE | |||
r-oldrel-windows-x86_64 | 1.1.7 | 10.00 | 77.00 | 87.00 | OK |
Version: 1.1.7
Check: examples
Result: NOTE
Examples with CPU (user + system) or elapsed time > 5s
user system elapsed
crispRdesignRUI 4.824 0.307 6.514
Flavor: r-devel-linux-x86_64-debian-clang
Version: 1.1.7
Check: examples
Result: NOTE
Examples with CPU (user + system) or elapsed time > 5s
user system elapsed
crispRdesignRUI 3.557 0.482 5.049
Flavor: r-devel-linux-x86_64-debian-gcc
Version: 1.1.7
Check: dependencies in R code
Result: NOTE
Namespaces in Imports field not imported from:
‘DT’ ‘gbm’
All declared Imports should be used.
Flavors: r-devel-linux-x86_64-fedora-clang, r-devel-linux-x86_64-fedora-gcc
Version: 1.1.7
Check: package dependencies
Result: NOTE
Package suggested but not available for checking: ‘BSgenome.Scerevisiae.UCSC.sacCer3’
Flavors: r-oldrel-macos-arm64, r-oldrel-macos-x86_64