Last updated on 2025-04-30 04:50:03 CEST.
Flavor | Version | Tinstall | Tcheck | Ttotal | Status | Flags |
---|---|---|---|---|---|---|
r-devel-linux-x86_64-debian-clang | 1.1-2 | 2.60 | 25.39 | 27.99 | NOTE | |
r-devel-linux-x86_64-debian-gcc | 1.1-2 | 1.78 | 19.71 | 21.49 | NOTE | |
r-devel-linux-x86_64-fedora-clang | 1.1-2 | 42.04 | OK | |||
r-devel-linux-x86_64-fedora-gcc | 1.1-2 | 40.75 | OK | |||
r-devel-windows-x86_64 | 1.1-2 | 3.00 | 54.00 | 57.00 | OK | |
r-patched-linux-x86_64 | 1.1-2 | 3.07 | 24.37 | 27.44 | OK | |
r-release-linux-x86_64 | 1.1-2 | 2.23 | 24.07 | 26.30 | OK | |
r-release-macos-arm64 | 1.1-2 | 18.00 | OK | |||
r-release-macos-x86_64 | 1.1-2 | 31.00 | OK | |||
r-release-windows-x86_64 | 1.1-2 | 4.00 | 50.00 | 54.00 | OK | |
r-oldrel-macos-arm64 | 1.1-2 | 22.00 | OK | |||
r-oldrel-macos-x86_64 | 1.1-2 | 26.00 | OK | |||
r-oldrel-windows-x86_64 | 1.1-2 | 4.00 | 49.00 | 53.00 | OK |
Version: 1.1-2
Check: CRAN incoming feasibility
Result: NOTE
Maintainer: ‘Bjoern Bornkamp <bbnkmp@mail.de>’
No Authors@R field in DESCRIPTION.
Please add one, modifying
Authors@R: c(person(given = c("Martin", "Oliver"),
family = "Sailer",
role = "aut"),
person(given = "Bjoern",
family = "Bornkamp",
role = "cre",
email = "bbnkmp@mail.de"))
as necessary.
Flavors: r-devel-linux-x86_64-debian-clang, r-devel-linux-x86_64-debian-gcc