CRAN Package Check Results for Package crosstable

Last updated on 2025-04-30 04:50:03 CEST.

Flavor Version Tinstall Tcheck Ttotal Status Flags
r-devel-linux-x86_64-debian-clang 0.8.1 14.17 233.89 248.06 NOTE
r-devel-linux-x86_64-debian-gcc 0.8.1 8.43 156.51 164.94 NOTE
r-devel-linux-x86_64-fedora-clang 0.8.1 383.71 NOTE
r-devel-linux-x86_64-fedora-gcc 0.8.1 380.72 NOTE
r-devel-windows-x86_64 0.8.1 15.00 196.00 211.00 NOTE
r-patched-linux-x86_64 0.8.1 14.19 220.16 234.35 NOTE
r-release-linux-x86_64 0.8.1 12.92 222.20 235.12 NOTE
r-release-macos-arm64 0.8.1 97.00 NOTE
r-release-macos-x86_64 0.8.1 207.00 NOTE
r-release-windows-x86_64 0.8.1 17.00 196.00 213.00 NOTE
r-oldrel-macos-arm64 0.8.1 104.00 OK
r-oldrel-macos-x86_64 0.8.1 174.00 OK
r-oldrel-windows-x86_64 0.8.1 18.00 258.00 276.00 OK

Check Details

Version: 0.8.1
Check: DESCRIPTION meta-information
Result: NOTE Missing dependency on R >= 4.1.0 because package code uses the pipe |> or function shorthand \(...) syntax added in R 4.1.0. File(s) using such syntax: ‘officer.R’ Flavors: r-devel-linux-x86_64-debian-clang, r-devel-linux-x86_64-debian-gcc, r-devel-linux-x86_64-fedora-clang, r-devel-linux-x86_64-fedora-gcc, r-devel-windows-x86_64, r-patched-linux-x86_64, r-release-linux-x86_64, r-release-macos-arm64, r-release-macos-x86_64, r-release-windows-x86_64

Version: 0.8.1
Check: examples
Result: NOTE Examples with CPU (user + system) or elapsed time > 5s user system elapsed crosstable 4.138 0.09 5.842 Flavor: r-devel-linux-x86_64-debian-clang