CRAN Package Check Results for Package crossval

Last updated on 2025-04-30 04:50:03 CEST.

Flavor Version Tinstall Tcheck Ttotal Status Flags
r-devel-linux-x86_64-debian-clang 1.0.5 1.46 19.68 21.14 NOTE
r-devel-linux-x86_64-debian-gcc 1.0.5 1.35 16.15 17.50 NOTE
r-devel-linux-x86_64-fedora-clang 1.0.5 33.32 OK
r-devel-linux-x86_64-fedora-gcc 1.0.5 32.49 OK
r-devel-windows-x86_64 1.0.5 2.00 51.00 53.00 OK
r-patched-linux-x86_64 1.0.5 1.51 19.24 20.75 OK
r-release-linux-x86_64 1.0.5 1.31 18.98 20.29 OK
r-release-macos-arm64 1.0.5 17.00 OK
r-release-macos-x86_64 1.0.5 27.00 OK
r-release-windows-x86_64 1.0.5 4.00 49.00 53.00 OK
r-oldrel-macos-arm64 1.0.5 15.00 OK
r-oldrel-macos-x86_64 1.0.5 23.00 OK
r-oldrel-windows-x86_64 1.0.5 3.00 46.00 49.00 OK

Check Details

Version: 1.0.5
Check: CRAN incoming feasibility
Result: NOTE Maintainer: ‘Korbinian Strimmer <strimmerlab@gmail.com>’ No Authors@R field in DESCRIPTION. Please add one, modifying Authors@R: c(person(given = "Korbinian", family = "Strimmer.", role = "aut"), person(given = "Korbinian", family = "Strimmer", role = "cre", email = "strimmerlab@gmail.com")) as necessary. Flavors: r-devel-linux-x86_64-debian-clang, r-devel-linux-x86_64-debian-gcc