Last updated on 2025-11-03 03:49:37 CET.
| Flavor | Version | Tinstall | Tcheck | Ttotal | Status | Flags |
|---|---|---|---|---|---|---|
| r-devel-linux-x86_64-debian-clang | 1.1 | 2.15 | 29.55 | 31.70 | NOTE | |
| r-devel-linux-x86_64-debian-gcc | 1.1 | 1.66 | 22.69 | 24.35 | NOTE | |
| r-devel-linux-x86_64-fedora-clang | 1.1 | 46.18 | OK | |||
| r-devel-linux-x86_64-fedora-gcc | 1.1 | 44.36 | OK | |||
| r-devel-windows-x86_64 | 1.1 | 3.00 | 53.00 | 56.00 | OK | |
| r-patched-linux-x86_64 | 1.1 | 2.50 | 28.04 | 30.54 | OK | |
| r-release-linux-x86_64 | 1.1 | 2.12 | 28.14 | 30.26 | OK | |
| r-release-macos-arm64 | 1.1 | 2.00 | 20.00 | 22.00 | OK | |
| r-release-macos-x86_64 | 1.1 | 2.00 | 30.00 | 32.00 | OK | |
| r-release-windows-x86_64 | 1.1 | 4.00 | 52.00 | 56.00 | OK | |
| r-oldrel-macos-arm64 | 1.1 | 1.00 | 19.00 | 20.00 | OK | |
| r-oldrel-macos-x86_64 | 1.1 | 2.00 | 25.00 | 27.00 | OK | |
| r-oldrel-windows-x86_64 | 1.1 | 4.00 | 60.00 | 64.00 | OK |
Version: 1.1
Check: CRAN incoming feasibility
Result: NOTE
Maintainer: ‘Pein Florian <f.pein@lancaster.ac.uk>’
The Description field contains
<arXiv:2112.03220>. Can be customised by providing different
Please refer to arXiv e-prints via their arXiv DOI <doi:10.48550/arXiv.YYMM.NNNNN>.
Flavors: r-devel-linux-x86_64-debian-clang, r-devel-linux-x86_64-debian-gcc