CRAN Package Check Results for Package crov

Last updated on 2025-04-30 04:50:03 CEST.

Flavor Version Tinstall Tcheck Ttotal Status Flags
r-devel-linux-x86_64-debian-clang 0.3.0 6.07 57.58 63.65 NOTE
r-devel-linux-x86_64-debian-gcc 0.3.0 4.72 39.82 44.54 NOTE
r-devel-linux-x86_64-fedora-clang 0.3.0 98.73 NOTE
r-devel-linux-x86_64-fedora-gcc 0.3.0 94.69 NOTE
r-devel-windows-x86_64 0.3.0 7.00 80.00 87.00 NOTE
r-patched-linux-x86_64 0.3.0 6.08 55.95 62.03 NOTE
r-release-linux-x86_64 0.3.0 5.87 54.08 59.95 NOTE
r-release-macos-arm64 0.3.0 34.00 NOTE
r-release-macos-x86_64 0.3.0 60.00 NOTE
r-release-windows-x86_64 0.3.0 7.00 77.00 84.00 NOTE
r-oldrel-macos-arm64 0.3.0 30.00 NOTE
r-oldrel-macos-x86_64 0.3.0 48.00 NOTE
r-oldrel-windows-x86_64 0.3.0 8.00 85.00 93.00 NOTE

Check Details

Version: 0.3.0
Check: CRAN incoming feasibility
Result: NOTE Maintainer: ‘Javier Espinosa <javier.espinosa.b@usach.cl>’ No Authors@R field in DESCRIPTION. Please add one, modifying Authors@R: person(given = "Javier", family = "Espinosa", role = c("aut", "cre"), email = "javier.espinosa.b@usach.cl") as necessary. Flavors: r-devel-linux-x86_64-debian-clang, r-devel-linux-x86_64-debian-gcc

Version: 0.3.0
Check: Rd files
Result: NOTE checkRd: (-1) confRegCCR.Rd:24: Lost braces; missing escapes or markup? 24 | of interest, beta_{0r}, and the remaining ones are the constrained MLEs given beta_{0r}.} | ^ checkRd: (-1) confRegCCR.Rd:24: Lost braces; missing escapes or markup? 24 | of interest, beta_{0r}, and the remaining ones are the constrained MLEs given beta_{0r}.} | ^ checkRd: (-1) confRegCCR.Rd:27: Lost braces; missing escapes or markup? 27 | beta_{0r} in \code{paramVals}, which are those of interest, usually the ones | ^ checkRd: (-1) confRegUCRandUCCR.Rd:24: Lost braces; missing escapes or markup? 24 | of interest, beta_{0r}, and the remaining ones are the unconstrained MLEs given beta_{0r}.} | ^ checkRd: (-1) confRegUCRandUCCR.Rd:24: Lost braces; missing escapes or markup? 24 | of interest, beta_{0r}, and the remaining ones are the unconstrained MLEs given beta_{0r}.} | ^ checkRd: (-1) confRegUCRandUCCR.Rd:27: Lost braces; missing escapes or markup? 27 | beta_{0r} in \code{paramVals}, which are those of interest, usually the ones | ^ Flavors: r-devel-linux-x86_64-debian-clang, r-devel-linux-x86_64-debian-gcc, r-devel-linux-x86_64-fedora-clang, r-devel-linux-x86_64-fedora-gcc, r-devel-windows-x86_64, r-patched-linux-x86_64, r-release-linux-x86_64, r-release-macos-arm64, r-release-macos-x86_64, r-release-windows-x86_64, r-oldrel-macos-arm64, r-oldrel-macos-x86_64, r-oldrel-windows-x86_64

Version: 0.3.0
Check: examples
Result: NOTE Examples with CPU (user + system) or elapsed time > 5s user system elapsed confRegCCR 3.651 0.174 5.022 Flavor: r-devel-linux-x86_64-debian-clang